Last updated on 2025-02-22 00:49:59 CET.
Flavor | Version | Tinstall | Tcheck | Ttotal | Status | Flags |
---|---|---|---|---|---|---|
r-devel-linux-x86_64-debian-clang | 1.0.2 | 8.34 | 62.61 | 70.95 | OK | |
r-devel-linux-x86_64-debian-gcc | 1.0.2 | 5.72 | 47.86 | 53.58 | OK | |
r-devel-linux-x86_64-fedora-clang | 1.0.2 | 119.36 | NOTE | |||
r-devel-linux-x86_64-fedora-gcc | 1.0.2 | 112.88 | NOTE | |||
r-devel-macos-arm64 | 1.0.2 | 33.00 | OK | |||
r-devel-macos-x86_64 | 1.0.2 | 66.00 | OK | |||
r-devel-windows-x86_64 | 1.0.2 | 9.00 | 84.00 | 93.00 | OK | |
r-patched-linux-x86_64 | 1.0.2 | 7.57 | 60.64 | 68.21 | OK | |
r-release-linux-x86_64 | 1.0.2 | 6.29 | 60.65 | 66.94 | OK | |
r-release-macos-arm64 | 1.0.2 | 36.00 | OK | |||
r-release-macos-x86_64 | 1.0.2 | 82.00 | OK | |||
r-release-windows-x86_64 | 1.0.2 | 8.00 | 74.00 | 82.00 | OK | |
r-oldrel-macos-arm64 | 1.0.2 | 44.00 | OK | |||
r-oldrel-macos-x86_64 | 1.0.2 | 86.00 | OK | |||
r-oldrel-windows-x86_64 | 1.0.2 | 10.00 | 119.00 | 129.00 | OK |
Version: 1.0.2
Check: dependencies in R code
Result: NOTE
Namespace in Imports field not imported from: ‘RhpcBLASctl’
All declared Imports should be used.
Flavors: r-devel-linux-x86_64-fedora-clang, r-devel-linux-x86_64-fedora-gcc