Last updated on 2025-04-29 01:49:47 CEST.
Flavor | Version | Tinstall | Tcheck | Ttotal | Status | Flags |
---|---|---|---|---|---|---|
r-devel-linux-x86_64-debian-clang | 1.2.0 | 2.32 | 21.63 | 23.95 | OK | |
r-devel-linux-x86_64-debian-gcc | 1.2.0 | 1.70 | 17.86 | 19.56 | NOTE | |
r-devel-linux-x86_64-fedora-clang | 1.2.0 | 37.94 | OK | |||
r-devel-linux-x86_64-fedora-gcc | 1.2.0 | 36.03 | OK | |||
r-devel-windows-x86_64 | 1.2.0 | 3.00 | 49.00 | 52.00 | OK | |
r-patched-linux-x86_64 | 1.2.0 | 1.76 | 21.19 | 22.95 | OK | |
r-release-linux-x86_64 | 1.2.0 | 2.27 | 21.16 | 23.43 | OK | |
r-release-macos-arm64 | 1.2.0 | 27.00 | OK | |||
r-release-macos-x86_64 | 1.2.0 | 27.00 | OK | |||
r-release-windows-x86_64 | 1.2.0 | 4.00 | 49.00 | 53.00 | OK | |
r-oldrel-macos-arm64 | 1.2.0 | 17.00 | OK | |||
r-oldrel-macos-x86_64 | 1.2.0 | 26.00 | OK | |||
r-oldrel-windows-x86_64 | 1.2.0 | 4.00 | 49.00 | 53.00 | OK |
Version: 1.2.0
Check: CRAN incoming feasibility
Result: NOTE
Maintainer: ‘Ze Zhang <Ze.Zhang@utsouthwestern.edu>’
No Authors@R field in DESCRIPTION.
Please add one, modifying
Authors@R: person(given = "Ze",
family = "Zhang",
role = c("aut", "cre"),
email = "ze.zhang@utsouthwestern.edu")
as necessary.
Flavor: r-devel-linux-x86_64-debian-gcc