Last updated on 2025-02-22 00:49:59 CET.
Flavor | Version | Tinstall | Tcheck | Ttotal | Status | Flags |
---|---|---|---|---|---|---|
r-devel-linux-x86_64-debian-clang | 1.0-2 | 6.04 | 64.25 | 70.29 | NOTE | |
r-devel-linux-x86_64-debian-gcc | 1.0-2 | 6.14 | 46.93 | 53.07 | NOTE | |
r-devel-linux-x86_64-fedora-clang | 1.0-2 | 120.08 | OK | |||
r-devel-linux-x86_64-fedora-gcc | 1.0-2 | 109.95 | OK | |||
r-devel-macos-arm64 | 1.0-2 | 33.00 | OK | |||
r-devel-macos-x86_64 | 1.0-2 | 60.00 | OK | |||
r-devel-windows-x86_64 | 1.0-2 | 8.00 | 81.00 | 89.00 | NOTE | |
r-patched-linux-x86_64 | 1.0-2 | 10.29 | 60.93 | 71.22 | OK | |
r-release-linux-x86_64 | 1.0-2 | 7.20 | 60.84 | 68.04 | OK | |
r-release-macos-arm64 | 1.0-2 | 32.00 | OK | |||
r-release-macos-x86_64 | 1.0-2 | 49.00 | OK | |||
r-release-windows-x86_64 | 1.0-2 | 9.00 | 80.00 | 89.00 | OK | |
r-oldrel-macos-arm64 | 1.0-2 | 37.00 | OK | |||
r-oldrel-macos-x86_64 | 1.0-2 | 58.00 | OK | |||
r-oldrel-windows-x86_64 | 1.0-2 | 11.00 | 97.00 | 108.00 | OK |
Version: 1.0-2
Check: Rd cross-references
Result: NOTE
Found the following Rd file(s) with Rd \link{} targets missing package
anchors:
fitSCI.Rd: mledist, fitdistrplus
genlog.Rd: pdfglo, quaglo, cdfglo
pe3.Rd: pdfpe3, quape3, cdfpe3
Please provide package anchors for all Rd \link{} targets not in the
package itself and the base packages.
Flavors: r-devel-linux-x86_64-debian-clang, r-devel-linux-x86_64-debian-gcc, r-devel-windows-x86_64