CRAN Package Check Results for Package SBdecomp

Last updated on 2025-07-20 12:49:36 CEST.

Flavor Version Tinstall Tcheck Ttotal Status Flags
r-devel-linux-x86_64-debian-clang 1.2 11.93 97.56 109.49 NOTE
r-devel-linux-x86_64-debian-gcc 1.2 7.70 70.94 78.64 NOTE
r-devel-linux-x86_64-fedora-clang 1.2 172.46 OK
r-devel-linux-x86_64-fedora-gcc 1.2 164.13 OK
r-devel-windows-x86_64 1.2 14.00 100.00 114.00 OK
r-patched-linux-x86_64 1.2 11.25 91.90 103.15 OK
r-release-linux-x86_64 1.2 11.31 92.72 104.03 OK
r-release-macos-arm64 1.2 48.00 OK
r-release-macos-x86_64 1.2 88.00 OK
r-release-windows-x86_64 1.2 12.00 97.00 109.00 OK
r-oldrel-macos-arm64 1.2 49.00 OK
r-oldrel-macos-x86_64 1.2 75.00 OK
r-oldrel-windows-x86_64 1.2 17.00 122.00 139.00 OK

Check Details

Version: 1.2
Check: CRAN incoming feasibility
Result: NOTE Maintainer: ‘Layla Parast <parast@austin.utexas.edu>’ No Authors@R field in DESCRIPTION. Please add one, modifying Authors@R: person(given = "Layla", family = "Parast", role = c("aut", "cre"), email = "parast@austin.utexas.edu") as necessary. Flavors: r-devel-linux-x86_64-debian-clang, r-devel-linux-x86_64-debian-gcc