Last updated on 2025-04-29 01:49:46 CEST.
Flavor | Version | Tinstall | Tcheck | Ttotal | Status | Flags |
---|---|---|---|---|---|---|
r-devel-linux-x86_64-debian-clang | 0.2.5 | 15.43 | 115.77 | 131.20 | OK | |
r-devel-linux-x86_64-debian-gcc | 0.2.5 | 11.31 | 85.73 | 97.04 | NOTE | |
r-devel-linux-x86_64-fedora-clang | 0.2.5 | 224.74 | OK | |||
r-devel-linux-x86_64-fedora-gcc | 0.2.5 | 200.84 | OK | |||
r-devel-windows-x86_64 | 0.2.5 | 15.00 | 105.00 | 120.00 | OK | |
r-patched-linux-x86_64 | 0.2.5 | 16.28 | 111.80 | 128.08 | OK | |
r-release-linux-x86_64 | 0.2.5 | 14.06 | 110.74 | 124.80 | OK | |
r-release-macos-arm64 | 0.2.5 | 60.00 | OK | |||
r-release-macos-x86_64 | 0.2.5 | 151.00 | OK | |||
r-release-windows-x86_64 | 0.2.5 | 18.00 | 110.00 | 128.00 | OK | |
r-oldrel-macos-arm64 | 0.2.5 | 51.00 | OK | |||
r-oldrel-macos-x86_64 | 0.2.5 | 115.00 | OK | |||
r-oldrel-windows-x86_64 | 0.2.5 | 21.00 | 141.00 | 162.00 | OK |
Version: 0.2.5
Check: CRAN incoming feasibility
Result: NOTE
Maintainer: ‘Zijian Guo <zijguo@stat.rutgers.edu>’
The Description field contains
variables via TSHT('Guo et al.' (2016) <arXiv:1603.05224>) and
SearchingSampling('Guo' (2021) <arXiv:2104.06911>), which are effective
<arXiv:1609.06713>).
Please refer to arXiv e-prints via their arXiv DOI <doi:10.48550/arXiv.YYMM.NNNNN>.
Flavor: r-devel-linux-x86_64-debian-gcc