Last updated on 2025-04-29 01:49:46 CEST.
Flavor | Version | Tinstall | Tcheck | Ttotal | Status | Flags |
---|---|---|---|---|---|---|
r-devel-linux-x86_64-debian-clang | 1.4-7 | 22.36 | 81.12 | 103.48 | OK | |
r-devel-linux-x86_64-debian-gcc | 1.4-7 | 13.16 | 55.40 | 68.56 | NOTE | |
r-devel-linux-x86_64-fedora-clang | 1.4-7 | 163.28 | OK | |||
r-devel-linux-x86_64-fedora-gcc | 1.4-7 | 153.56 | OK | |||
r-devel-windows-x86_64 | 1.4-7 | 23.00 | 102.00 | 125.00 | OK | |
r-patched-linux-x86_64 | 1.4-7 | 19.43 | 76.79 | 96.22 | OK | |
r-release-linux-x86_64 | 1.4-7 | 19.12 | 77.62 | 96.74 | OK | |
r-release-macos-arm64 | 1.4-7 | 54.00 | OK | |||
r-release-macos-x86_64 | 1.4-7 | 109.00 | OK | |||
r-release-windows-x86_64 | 1.4-7 | 23.00 | 110.00 | 133.00 | OK | |
r-oldrel-macos-arm64 | 1.4-7 | 46.00 | OK | |||
r-oldrel-macos-x86_64 | 1.4-7 | 104.00 | OK | |||
r-oldrel-windows-x86_64 | 1.4-7 | 29.00 | 123.00 | 152.00 | OK |
Version: 1.4-7
Check: CRAN incoming feasibility
Result: NOTE
Maintainer: ‘A. Randriamiharisoa <exelami@gmail.com>’
No Authors@R field in DESCRIPTION.
Please add one, modifying
Authors@R: c(person(given = "Alfio",
family = "Marazzi",
role = "aut",
email = "Alfio.Marazzi@unisante.ch"),
person(given = "Jean-Luc",
family = "Muralti",
role = "aut"),
person(given = "A.",
family = "Randriamiharisoa",
role = "cre",
email = "exelami@gmail.com"))
as necessary.
Flavor: r-devel-linux-x86_64-debian-gcc