Last updated on 2025-07-20 12:49:35 CEST.
Flavor | Version | Tinstall | Tcheck | Ttotal | Status | Flags |
---|---|---|---|---|---|---|
r-devel-linux-x86_64-debian-clang | 0.0.3 | 51.59 | 23.10 | 74.69 | OK | |
r-devel-linux-x86_64-debian-gcc | 0.0.3 | 47.23 | 18.96 | 66.19 | OK | |
r-devel-linux-x86_64-fedora-clang | 0.0.3 | 112.02 | OK | |||
r-devel-linux-x86_64-fedora-gcc | 0.0.3 | 157.05 | OK | |||
r-devel-windows-x86_64 | 0.0.3 | 64.00 | 81.00 | 145.00 | OK | |
r-patched-linux-x86_64 | 0.0.3 | 63.46 | 21.63 | 85.09 | OK | |
r-release-linux-x86_64 | 0.0.3 | 66.40 | 21.62 | 88.02 | OK | |
r-release-macos-arm64 | 0.0.3 | 37.00 | OK | |||
r-release-macos-x86_64 | 0.0.3 | 77.00 | OK | |||
r-release-windows-x86_64 | 0.0.3 | 60.00 | 76.00 | 136.00 | OK | |
r-oldrel-macos-arm64 | 0.0.3 | 34.00 | NOTE | |||
r-oldrel-macos-x86_64 | 0.0.3 | 55.00 | NOTE | |||
r-oldrel-windows-x86_64 | 0.0.3 | 78.00 | 149.00 | 227.00 | OK |
Version: 0.0.3
Check: installed package size
Result: NOTE
installed size is 19.7Mb
sub-directories of 1Mb or more:
libs 19.5Mb
Flavors: r-oldrel-macos-arm64, r-oldrel-macos-x86_64