Last updated on 2024-08-16 12:49:18 CEST.
Flavor | Version | Tinstall | Tcheck | Ttotal | Status | Flags |
---|---|---|---|---|---|---|
r-devel-linux-x86_64-debian-clang | 0.9-5 | 21.94 | 170.85 | 192.79 | NOTE | |
r-devel-linux-x86_64-debian-gcc | 0.9-5 | 14.55 | 114.37 | 128.92 | NOTE | |
r-devel-linux-x86_64-fedora-clang | 0.9-5 | 308.09 | OK | |||
r-devel-linux-x86_64-fedora-gcc | 0.9-5 | 327.58 | OK | |||
r-devel-windows-x86_64 | 0.9-5 | 25.00 | 227.00 | 252.00 | NOTE | |
r-patched-linux-x86_64 | 0.9-5 | 27.02 | 158.65 | 185.67 | OK | |
r-release-linux-x86_64 | 0.9-5 | 20.62 | 160.88 | 181.50 | OK | |
r-release-macos-arm64 | 0.9-5 | 93.00 | OK | |||
r-release-macos-x86_64 | 0.9-5 | 177.00 | OK | |||
r-release-windows-x86_64 | 0.9-5 | 26.00 | 235.00 | 261.00 | OK | |
r-oldrel-macos-arm64 | 0.9-5 | 108.00 | OK | |||
r-oldrel-macos-x86_64 | 0.9-5 | 270.00 | OK | |||
r-oldrel-windows-x86_64 | 0.9-5 | 28.00 | 246.00 | 274.00 | OK |
Version: 0.9-5
Check: Rd cross-references
Result: NOTE
Found the following Rd file(s) with Rd \link{} targets missing package
anchors:
mpfr-class.Rd: is.whole
mpfr-utils.Rd: asNumeric
mpfr.Rd: asNumeric
mpfrArray.Rd: asNumeric
mpfrMatrix-utils.Rd: asNumeric
pbetaI.Rd: bigq
utils.Rd: is.whole
Please provide package anchors for all Rd \link{} targets not in the
package itself and the base packages.
Flavors: r-devel-linux-x86_64-debian-clang, r-devel-linux-x86_64-debian-gcc, r-devel-windows-x86_64