CRAN Package Check Results for Package Rmixmod

Last updated on 2025-07-21 01:49:14 CEST.

Flavor Version Tinstall Tcheck Ttotal Status Flags
r-devel-linux-x86_64-debian-clang 2.1.10 421.17 58.08 479.25 NOTE
r-devel-linux-x86_64-debian-gcc 2.1.10 320.39 90.42 410.81 NOTE
r-devel-linux-x86_64-fedora-clang 2.1.10 1005.85 NOTE
r-devel-linux-x86_64-fedora-gcc 2.1.10 924.13 NOTE
r-devel-windows-x86_64 2.1.10 500.00 162.00 662.00 NOTE
r-patched-linux-x86_64 2.1.10 441.12 120.13 561.25 NOTE
r-release-linux-x86_64 2.1.10 446.48 120.53 567.01 NOTE
r-release-macos-arm64 2.1.10 174.00 NOTE
r-release-macos-x86_64 2.1.10 178.00 NOTE
r-release-windows-x86_64 2.1.10 488.00 168.00 656.00 NOTE
r-oldrel-macos-arm64 2.1.10 199.00 NOTE
r-oldrel-macos-x86_64 2.1.10 146.00 NOTE
r-oldrel-windows-x86_64 2.1.10 615.00 211.00 826.00 OK

Additional issues

Intel

Check Details

Version: 2.1.10
Check: compiled code
Result: NOTE File ‘Rmixmod/libs/Rmixmod.so’: Found ‘_ZSt4cout’, possibly from ‘std::cout’ (C++) Object: ‘mixmod.a’ Compiled code should not call entry points which might terminate R nor write to stdout/stderr instead of to the console, nor use Fortran I/O nor system RNGs nor [v]sprintf. See ‘Writing portable packages’ in the ‘Writing R Extensions’ manual. Flavors: r-devel-linux-x86_64-debian-clang, r-devel-linux-x86_64-debian-gcc, r-devel-linux-x86_64-fedora-gcc, r-patched-linux-x86_64, r-release-linux-x86_64

Version: 2.1.10
Check: compiled code
Result: NOTE File ‘Rmixmod/libs/Rmixmod.so’: Found ‘_ZNSt3__14coutE’, possibly from ‘std::cout’ (C++) Object: ‘mixmod.a’ Compiled code should not call entry points which might terminate R nor write to stdout/stderr instead of to the console, nor use Fortran I/O nor system RNGs nor [v]sprintf. See ‘Writing portable packages’ in the ‘Writing R Extensions’ manual. Flavor: r-devel-linux-x86_64-fedora-clang

Version: 2.1.10
Check: compiled code
Result: NOTE File 'Rmixmod/libs/x64/Rmixmod.dll': Found '_ZSt4cout', possibly from 'std::cout' (C++) Object: 'mixmod.a' Compiled code should not call entry points which might terminate R nor write to stdout/stderr instead of to the console, nor use Fortran I/O nor system RNGs nor [v]sprintf. See 'Writing portable packages' in the 'Writing R Extensions' manual. Flavors: r-devel-windows-x86_64, r-release-windows-x86_64

Version: 2.1.10
Check: compiled code
Result: NOTE File ‘Rmixmod/libs/Rmixmod.so’: Found ‘__ZNSt3__14coutE’, possibly from ‘std::cout’ (C++) Object: ‘mixmod.a’ Compiled code should not call entry points which might terminate R nor write to stdout/stderr instead of to the console, nor use Fortran I/O nor system RNGs nor [v]sprintf. See ‘Writing portable packages’ in the ‘Writing R Extensions’ manual. Flavors: r-release-macos-arm64, r-release-macos-x86_64

Version: 2.1.10
Check: installed package size
Result: NOTE installed size is 44.3Mb sub-directories of 1Mb or more: libs 43.3Mb Flavors: r-oldrel-macos-arm64, r-oldrel-macos-x86_64