Last updated on 2025-04-29 01:49:45 CEST.
Flavor | Version | Tinstall | Tcheck | Ttotal | Status | Flags |
---|---|---|---|---|---|---|
r-devel-linux-x86_64-debian-clang | 1.5.1 | 2.75 | 27.15 | 29.90 | OK | |
r-devel-linux-x86_64-debian-gcc | 1.5.1 | 2.00 | 22.33 | 24.33 | NOTE | |
r-devel-linux-x86_64-fedora-clang | 1.5.1 | 47.60 | OK | |||
r-devel-linux-x86_64-fedora-gcc | 1.5.1 | 45.94 | OK | |||
r-devel-windows-x86_64 | 1.5.1 | 4.00 | 48.00 | 52.00 | OK | |
r-patched-linux-x86_64 | 1.5.1 | 2.63 | 26.83 | 29.46 | OK | |
r-release-linux-x86_64 | 1.5.1 | 2.02 | 26.64 | 28.66 | OK | |
r-release-macos-arm64 | 1.5.1 | 19.00 | OK | |||
r-release-macos-x86_64 | 1.5.1 | 30.00 | OK | |||
r-release-windows-x86_64 | 1.5.1 | 4.00 | 76.00 | 80.00 | OK | |
r-oldrel-macos-arm64 | 1.5.1 | 18.00 | OK | |||
r-oldrel-macos-x86_64 | 1.5.1 | 28.00 | OK | |||
r-oldrel-windows-x86_64 | 1.5.1 | 4.00 | 55.00 | 59.00 | OK |
Version: 1.5.1
Check: CRAN incoming feasibility
Result: NOTE
Maintainer: ‘Ryan M. Hope <rmh3093@gmail.com>’
No Authors@R field in DESCRIPTION.
Please add one, modifying
Authors@R: person(given = c("Ryan", "M."),
family = "Hope",
role = c("aut", "cre"),
email = "rmh3093@gmail.com")
as necessary.
Flavor: r-devel-linux-x86_64-debian-gcc