CRAN Package Check Results for Package Riex

Last updated on 2025-07-21 01:49:14 CEST.

Flavor Version Tinstall Tcheck Ttotal Status Flags
r-devel-linux-x86_64-debian-clang 1.0.2 6.76 70.44 77.20 NOTE
r-devel-linux-x86_64-debian-gcc 1.0.2 4.48 48.83 53.31 NOTE
r-devel-linux-x86_64-fedora-clang 1.0.2 112.15 NOTE
r-devel-linux-x86_64-fedora-gcc 1.0.2 120.67 NOTE
r-devel-windows-x86_64 1.0.2 9.00 77.00 86.00 NOTE
r-patched-linux-x86_64 1.0.2 8.35 60.60 68.95 NOTE
r-release-linux-x86_64 1.0.2 6.96 61.54 68.50 NOTE
r-release-macos-arm64 1.0.2 38.00 NOTE
r-release-macos-x86_64 1.0.2 74.00 NOTE
r-release-windows-x86_64 1.0.2 9.00 76.00 85.00 NOTE
r-oldrel-macos-arm64 1.0.2 39.00 NOTE
r-oldrel-macos-x86_64 1.0.2 57.00 NOTE
r-oldrel-windows-x86_64 1.0.2 11.00 95.00 106.00 NOTE

Check Details

Version: 1.0.2
Check: Rd files
Result: NOTE checkRd: (-1) iex.chart.Rd:23: Lost braces; missing escapes or markup? 23 | r takes only of of the values accepted IN API request. {"5y", "2y", "1y", "ytd", "6m", "3m", "1m", "1d"} | ^ Flavors: r-devel-linux-x86_64-debian-clang, r-devel-linux-x86_64-debian-gcc, r-devel-linux-x86_64-fedora-clang, r-devel-linux-x86_64-fedora-gcc, r-devel-windows-x86_64, r-patched-linux-x86_64, r-release-linux-x86_64, r-release-macos-arm64, r-release-macos-x86_64, r-release-windows-x86_64, r-oldrel-macos-arm64, r-oldrel-macos-x86_64, r-oldrel-windows-x86_64