Last updated on 2024-08-16 12:49:18 CEST.
Flavor | Version | Tinstall | Tcheck | Ttotal | Status | Flags |
---|---|---|---|---|---|---|
r-devel-linux-x86_64-debian-clang | 3.1.0 | 83.73 | 177.95 | 261.68 | NOTE | |
r-devel-linux-x86_64-debian-gcc | 3.1.0 | 58.70 | 123.70 | 182.40 | NOTE | |
r-devel-linux-x86_64-fedora-clang | 3.1.0 | 467.65 | NOTE | |||
r-devel-linux-x86_64-fedora-gcc | 3.1.0 | 465.70 | NOTE | |||
r-devel-windows-x86_64 | 3.1.0 | 90.00 | 192.00 | 282.00 | NOTE | |
r-patched-linux-x86_64 | 3.1.0 | 86.99 | 168.01 | 255.00 | OK | |
r-release-linux-x86_64 | 3.1.0 | 75.16 | 168.65 | 243.81 | OK | |
r-release-macos-arm64 | 3.1.0 | 113.00 | NOTE | |||
r-release-macos-x86_64 | 3.1.0 | 166.00 | NOTE | |||
r-release-windows-x86_64 | 3.1.0 | 93.00 | 196.00 | 289.00 | OK | |
r-oldrel-macos-arm64 | 3.1.0 | 105.00 | NOTE | |||
r-oldrel-macos-x86_64 | 3.1.0 | 194.00 | NOTE | |||
r-oldrel-windows-x86_64 | 3.1.0 | 111.00 | 244.00 | 355.00 | OK |
Version: 3.1.0
Check: Rd cross-references
Result: NOTE
Found the following Rd file(s) with Rd \link{} targets missing package
anchors:
as.funts.Rd: fd, fts, create.bspline.basis
Please provide package anchors for all Rd \link{} targets not in the
package itself and the base packages.
Flavors: r-devel-linux-x86_64-debian-clang, r-devel-linux-x86_64-debian-gcc, r-devel-windows-x86_64
Version: 3.1.0
Check: data for non-ASCII characters
Result: NOTE
Note: found 1 marked UTF-8 string
Flavors: r-devel-linux-x86_64-fedora-clang, r-devel-linux-x86_64-fedora-gcc
Version: 3.1.0
Check: installed package size
Result: NOTE
installed size is 7.6Mb
sub-directories of 1Mb or more:
libs 6.8Mb
Flavors: r-release-macos-arm64, r-release-macos-x86_64, r-oldrel-macos-arm64, r-oldrel-macos-x86_64