Last updated on 2025-05-19 01:50:05 CEST.
Flavor | Version | Tinstall | Tcheck | Ttotal | Status | Flags |
---|---|---|---|---|---|---|
r-devel-linux-x86_64-debian-clang | 2.1.5.1 | 898.42 | 106.07 | 1004.49 | NOTE | |
r-devel-linux-x86_64-debian-gcc | 2.1.5.1 | 679.83 | 70.99 | 750.82 | NOTE | |
r-devel-linux-x86_64-fedora-clang | 2.1.5.1 | 2001.23 | NOTE | |||
r-devel-linux-x86_64-fedora-gcc | 2.1.5.1 | 2334.26 | NOTE | |||
r-devel-windows-x86_64 | 2.1.5.1 | 1147.00 | 216.00 | 1363.00 | NOTE | |
r-patched-linux-x86_64 | 2.1.5.1 | 978.48 | 98.95 | 1077.43 | NOTE | |
r-release-linux-x86_64 | 2.1.5.1 | 972.66 | 98.53 | 1071.19 | NOTE | |
r-release-macos-arm64 | 2.1.5.1 | 348.00 | NOTE | |||
r-release-macos-x86_64 | 2.1.5.1 | 314.00 | NOTE | |||
r-release-windows-x86_64 | 2.1.5.1 | 1134.00 | 247.00 | 1381.00 | NOTE | |
r-oldrel-macos-arm64 | 2.1.5.1 | 320.00 | NOTE | |||
r-oldrel-macos-x86_64 | 2.1.5.1 | 387.00 | NOTE | |||
r-oldrel-windows-x86_64 | 2.1.5.1 | 1296.00 | 260.00 | 1556.00 | NOTE |
Version: 2.1.5.1
Check: compiled code
Result: NOTE
File ‘Rfast/libs/Rfast.so’:
Found non-API call to R: ‘R_lsInternal’
Compiled code should not call non-API entry points in R.
See ‘Writing portable packages’ in the ‘Writing R Extensions’ manual,
and section ‘Moving into C API compliance’ for issues with the use of
non-API entry points.
Flavors: r-devel-linux-x86_64-debian-clang, r-devel-linux-x86_64-debian-gcc, r-devel-linux-x86_64-fedora-clang, r-devel-linux-x86_64-fedora-gcc, r-patched-linux-x86_64, r-release-linux-x86_64, r-release-macos-arm64, r-release-macos-x86_64
Version: 2.1.5.1
Check: compiled code
Result: NOTE
File 'Rfast/libs/x64/Rfast.dll':
Found non-API call to R: 'R_lsInternal'
Compiled code should not call non-API entry points in R.
See 'Writing portable packages' in the 'Writing R Extensions' manual,
and section 'Moving into C API compliance' for issues with the use of
non-API entry points.
Flavors: r-devel-windows-x86_64, r-release-windows-x86_64
Version: 2.1.5.1
Check: installed package size
Result: NOTE
installed size is 47.3Mb
sub-directories of 1Mb or more:
libs 45.9Mb
Flavors: r-oldrel-macos-arm64, r-oldrel-macos-x86_64, r-oldrel-windows-x86_64