Last updated on 2025-04-29 01:49:44 CEST.
Flavor | Version | Tinstall | Tcheck | Ttotal | Status | Flags |
---|---|---|---|---|---|---|
r-devel-linux-x86_64-debian-clang | 1.0.0 | 2.47 | 31.16 | 33.63 | NOTE | |
r-devel-linux-x86_64-debian-gcc | 1.0.0 | 1.88 | 24.44 | 26.32 | NOTE | |
r-devel-linux-x86_64-fedora-clang | 1.0.0 | 52.28 | NOTE | |||
r-devel-linux-x86_64-fedora-gcc | 1.0.0 | 63.25 | NOTE | |||
r-devel-windows-x86_64 | 1.0.0 | 3.00 | 56.00 | 59.00 | NOTE | |
r-patched-linux-x86_64 | 1.0.0 | 2.52 | 29.00 | 31.52 | NOTE | |
r-release-linux-x86_64 | 1.0.0 | 2.37 | 28.90 | 31.27 | NOTE | |
r-release-macos-arm64 | 1.0.0 | 26.00 | NOTE | |||
r-release-macos-x86_64 | 1.0.0 | 47.00 | NOTE | |||
r-release-windows-x86_64 | 1.0.0 | 5.00 | 57.00 | 62.00 | NOTE | |
r-oldrel-macos-arm64 | 1.0.0 | 24.00 | NOTE | |||
r-oldrel-macos-x86_64 | 1.0.0 | 38.00 | NOTE | |||
r-oldrel-windows-x86_64 | 1.0.0 | 3.00 | 63.00 | 66.00 | NOTE |
Version: 1.0.0
Check: Rd files
Result: NOTE
checkRd: (-1) oskar.Rd:14: Lost braces; missing escapes or markup?
14 | set of dice where A beats {B,C,E}; B beats {C,D,F}; C beats {D,E,G}; #' D beats {A,E,F}; E beats {B,F,G}; F beats {A,C,G}; G beats {A,B,D}. #' Consequently, for arbitrarily chosen two dice there is a third one
| ^
checkRd: (-1) oskar.Rd:14: Lost braces; missing escapes or markup?
14 | set of dice where A beats {B,C,E}; B beats {C,D,F}; C beats {D,E,G}; #' D beats {A,E,F}; E beats {B,F,G}; F beats {A,C,G}; G beats {A,B,D}. #' Consequently, for arbitrarily chosen two dice there is a third one
| ^
checkRd: (-1) oskar.Rd:14: Lost braces; missing escapes or markup?
14 | set of dice where A beats {B,C,E}; B beats {C,D,F}; C beats {D,E,G}; #' D beats {A,E,F}; E beats {B,F,G}; F beats {A,C,G}; G beats {A,B,D}. #' Consequently, for arbitrarily chosen two dice there is a third one
| ^
checkRd: (-1) oskar.Rd:14: Lost braces; missing escapes or markup?
14 | set of dice where A beats {B,C,E}; B beats {C,D,F}; C beats {D,E,G}; #' D beats {A,E,F}; E beats {B,F,G}; F beats {A,C,G}; G beats {A,B,D}. #' Consequently, for arbitrarily chosen two dice there is a third one
| ^
checkRd: (-1) oskar.Rd:14: Lost braces; missing escapes or markup?
14 | set of dice where A beats {B,C,E}; B beats {C,D,F}; C beats {D,E,G}; #' D beats {A,E,F}; E beats {B,F,G}; F beats {A,C,G}; G beats {A,B,D}. #' Consequently, for arbitrarily chosen two dice there is a third one
| ^
checkRd: (-1) oskar.Rd:14: Lost braces; missing escapes or markup?
14 | set of dice where A beats {B,C,E}; B beats {C,D,F}; C beats {D,E,G}; #' D beats {A,E,F}; E beats {B,F,G}; F beats {A,C,G}; G beats {A,B,D}. #' Consequently, for arbitrarily chosen two dice there is a third one
| ^
checkRd: (-1) oskar.Rd:14: Lost braces; missing escapes or markup?
14 | set of dice where A beats {B,C,E}; B beats {C,D,F}; C beats {D,E,G}; #' D beats {A,E,F}; E beats {B,F,G}; F beats {A,C,G}; G beats {A,B,D}. #' Consequently, for arbitrarily chosen two dice there is a third one
| ^
Flavors: r-devel-linux-x86_64-debian-clang, r-devel-linux-x86_64-debian-gcc, r-devel-linux-x86_64-fedora-clang, r-devel-linux-x86_64-fedora-gcc, r-devel-windows-x86_64, r-patched-linux-x86_64, r-release-linux-x86_64, r-release-macos-arm64, r-release-macos-x86_64, r-release-windows-x86_64, r-oldrel-macos-arm64, r-oldrel-macos-x86_64, r-oldrel-windows-x86_64
Version: 1.0.0
Check: CRAN incoming feasibility
Result: NOTE
Maintainer: ‘Gennaro Tedesco: <gennarotedesco@gmail.com>’
No Authors@R field in DESCRIPTION.
Please add one, modifying
Authors@R: person(given = "Gennaro",
family = "Tedesco",
role = c("aut", "cre"),
email = "gennarotedesco@gmail.com")
as necessary.
Flavor: r-devel-linux-x86_64-debian-gcc