Last updated on 2024-06-30 00:59:23 CEST.
Flavor | Version | Tinstall | Tcheck | Ttotal | Status | Flags |
---|---|---|---|---|---|---|
r-devel-linux-x86_64-debian-clang | 0.0.2 | 28.17 | 31.78 | 59.95 | OK | |
r-devel-linux-x86_64-debian-gcc | 0.0.2 | 19.96 | 24.55 | 44.51 | OK | |
r-devel-linux-x86_64-fedora-clang | 0.0.2 | 78.95 | NOTE | |||
r-devel-linux-x86_64-fedora-gcc | 0.0.2 | 82.87 | NOTE | |||
r-devel-windows-x86_64 | 0.0.2 | 26.00 | 72.00 | 98.00 | OK | |
r-patched-linux-x86_64 | 0.0.2 | 22.45 | 30.41 | 52.86 | OK | |
r-release-linux-x86_64 | 0.0.2 | 24.10 | 30.17 | 54.27 | OK | |
r-release-macos-arm64 | 0.0.2 | 21.00 | OK | |||
r-release-macos-x86_64 | 0.0.2 | 34.00 | OK | |||
r-release-windows-x86_64 | 0.0.2 | 25.00 | 70.00 | 95.00 | OK | |
r-oldrel-macos-arm64 | 0.0.2 | 28.00 | OK | |||
r-oldrel-macos-x86_64 | 0.0.2 | 40.00 | OK | |||
r-oldrel-windows-x86_64 | 0.0.2 | 31.00 | 77.00 | 108.00 | OK |
Version: 0.0.2
Check: data for non-ASCII characters
Result: NOTE
Note: found 1 marked UTF-8 string
Flavors: r-devel-linux-x86_64-fedora-clang, r-devel-linux-x86_64-fedora-gcc