CRAN Package Check Results for Package RcppDist

Last updated on 2025-05-16 12:49:47 CEST.

Flavor Version Tinstall Tcheck Ttotal Status Flags
r-devel-linux-x86_64-debian-clang 0.1.1 39.73 32.49 72.22 NOTE
r-devel-linux-x86_64-debian-gcc 0.1.1 26.39 25.88 52.27 NOTE
r-devel-linux-x86_64-fedora-clang 0.1.1 124.17 NOTE
r-devel-linux-x86_64-fedora-gcc 0.1.1 155.74 NOTE
r-devel-windows-x86_64 0.1.1 42.00 125.00 167.00 NOTE
r-patched-linux-x86_64 0.1.1 39.49 31.66 71.15 NOTE
r-release-linux-x86_64 0.1.1 37.29 31.84 69.13 NOTE
r-release-macos-arm64 0.1.1 63.00 NOTE
r-release-macos-x86_64 0.1.1 81.00 NOTE
r-release-windows-x86_64 0.1.1 41.00 84.00 125.00 NOTE
r-oldrel-macos-arm64 0.1.1 53.00 NOTE
r-oldrel-macos-x86_64 0.1.1 56.00 NOTE
r-oldrel-windows-x86_64 0.1.1 49.00 92.00 141.00 NOTE

Check Details

Version: 0.1.1
Check: C++ specification
Result: NOTE Specified C++11: please drop specification unless essential Flavors: r-devel-linux-x86_64-debian-clang, r-devel-linux-x86_64-debian-gcc, r-devel-linux-x86_64-fedora-clang, r-devel-linux-x86_64-fedora-gcc, r-devel-windows-x86_64, r-patched-linux-x86_64, r-release-linux-x86_64, r-release-macos-arm64, r-release-macos-x86_64, r-release-windows-x86_64, r-oldrel-macos-arm64, r-oldrel-macos-x86_64, r-oldrel-windows-x86_64

Version: 0.1.1
Check: top-level files
Result: NOTE possible bashism in configure.ac line 37 (should be 'b = a'): if test x"${RSysinfoName}" == x"Darwin"; then possible bashism in configure.ac line 48 (should be 'b = a'): if test x"${hasOpenMP}" == x""; then Flavors: r-devel-linux-x86_64-debian-clang, r-devel-linux-x86_64-debian-gcc, r-devel-linux-x86_64-fedora-clang, r-devel-linux-x86_64-fedora-gcc, r-patched-linux-x86_64, r-release-linux-x86_64

Version: 0.1.1
Check: LazyData
Result: NOTE 'LazyData' is specified without a 'data' directory Flavors: r-oldrel-macos-arm64, r-oldrel-macos-x86_64, r-oldrel-windows-x86_64