Last updated on 2025-11-05 00:49:41 CET.
| Flavor | Version | Tinstall | Tcheck | Ttotal | Status | Flags |
|---|---|---|---|---|---|---|
| r-devel-linux-x86_64-debian-clang | 0.2.13 | 14.47 | 37.99 | 52.46 | NOTE | |
| r-devel-linux-x86_64-debian-gcc | 0.2.14 | 10.50 | 30.07 | 40.57 | OK | |
| r-devel-linux-x86_64-fedora-clang | 0.2.14 | 45.58 | OK | |||
| r-devel-linux-x86_64-fedora-gcc | 0.2.14 | 16.00 | 45.56 | 61.56 | OK | |
| r-devel-windows-x86_64 | 0.2.14 | 23.00 | 100.00 | 123.00 | OK | |
| r-patched-linux-x86_64 | 0.2.13 | 14.74 | 34.71 | 49.45 | NOTE | |
| r-release-linux-x86_64 | 0.2.13 | 15.06 | 34.42 | 49.48 | NOTE | |
| r-release-macos-arm64 | 0.2.14 | 8.00 | 60.00 | 68.00 | OK | |
| r-release-macos-x86_64 | 0.2.14 | 14.00 | 83.00 | 97.00 | OK | |
| r-release-windows-x86_64 | 0.2.13 | 19.00 | 95.00 | 114.00 | OK | |
| r-oldrel-macos-arm64 | 0.2.14 | 8.00 | 41.00 | 49.00 | OK | |
| r-oldrel-macos-x86_64 | 0.2.14 | 15.00 | 70.00 | 85.00 | OK | |
| r-oldrel-windows-x86_64 | 0.2.13 | 19.00 | 101.00 | 120.00 | OK |
Version: 0.2.13
Check: for unstated dependencies in ‘demo’
Result: NOTE
'library' or 'require' call not declared from: ‘rbenchmark’
Flavors: r-devel-linux-x86_64-debian-clang, r-patched-linux-x86_64, r-release-linux-x86_64