Last updated on 2025-02-22 00:49:56 CET.
Flavor | Version | Tinstall | Tcheck | Ttotal | Status | Flags |
---|---|---|---|---|---|---|
r-devel-linux-x86_64-debian-clang | 0.2-6 | 23.06 | 181.84 | 204.90 | NOTE | |
r-devel-linux-x86_64-debian-gcc | 0.2-6 | 18.72 | 128.30 | 147.02 | NOTE | |
r-devel-linux-x86_64-fedora-clang | 0.2-6 | 348.89 | OK | |||
r-devel-linux-x86_64-fedora-gcc | 0.2-6 | 341.16 | OK | |||
r-devel-macos-arm64 | 0.2-6 | 99.00 | OK | |||
r-devel-macos-x86_64 | 0.2-6 | 188.00 | OK | |||
r-devel-windows-x86_64 | 0.2-6 | 23.00 | 181.00 | 204.00 | NOTE | |
r-patched-linux-x86_64 | 0.2-6 | 31.37 | 165.39 | 196.76 | OK | |
r-release-linux-x86_64 | 0.2-6 | 22.46 | 167.03 | 189.49 | OK | |
r-release-macos-arm64 | 0.2-6 | 104.00 | OK | |||
r-release-macos-x86_64 | 0.2-6 | 142.00 | OK | |||
r-release-windows-x86_64 | 0.2-6 | 24.00 | 199.00 | 223.00 | OK | |
r-oldrel-macos-arm64 | 0.2-6 | 95.00 | OK | |||
r-oldrel-macos-x86_64 | 0.2-6 | 154.00 | OK | |||
r-oldrel-windows-x86_64 | 0.2-6 | 31.00 | 222.00 | 253.00 | OK |
Version: 0.2-6
Check: Rd cross-references
Result: NOTE
Found the following Rd file(s) with Rd \link{} targets missing package
anchors:
geom_stepribbon.Rd: aes, aes_, ggplot, fortify, borders, layer
Please provide package anchors for all Rd \link{} targets not in the
package itself and the base packages.
Flavors: r-devel-linux-x86_64-debian-clang, r-devel-linux-x86_64-debian-gcc, r-devel-windows-x86_64