Last updated on 2025-07-19 13:50:21 CEST.
Flavor | Version | Tinstall | Tcheck | Ttotal | Status | Flags |
---|---|---|---|---|---|---|
r-devel-linux-x86_64-debian-clang | 0.0.1 | 2.09 | 19.13 | 21.22 | NOTE | |
r-devel-linux-x86_64-debian-gcc | 0.0.1 | 1.56 | 15.88 | 17.44 | NOTE | |
r-devel-linux-x86_64-fedora-clang | 0.0.1 | 33.04 | OK | |||
r-devel-linux-x86_64-fedora-gcc | 0.0.1 | 31.40 | OK | |||
r-devel-windows-x86_64 | 0.0.1 | 3.00 | 44.00 | 47.00 | OK | |
r-patched-linux-x86_64 | 0.0.1 | 2.27 | 18.05 | 20.32 | OK | |
r-release-linux-x86_64 | 0.0.1 | 1.95 | 17.90 | 19.85 | OK | |
r-release-macos-arm64 | 0.0.1 | 14.00 | OK | |||
r-release-macos-x86_64 | 0.0.1 | 23.00 | OK | |||
r-release-windows-x86_64 | 0.0.1 | 3.00 | 45.00 | 48.00 | OK | |
r-oldrel-macos-arm64 | 0.0.1 | 14.00 | OK | |||
r-oldrel-macos-x86_64 | 0.0.1 | 20.00 | OK | |||
r-oldrel-windows-x86_64 | 0.0.1 | 3.00 | 44.00 | 47.00 | OK |
Version: 0.0.1
Check: CRAN incoming feasibility
Result: NOTE
Maintainer: ‘Jay Burns <jay.burns@sruc.ac.uk>’
Package CITATION file contains call(s) to old-style citEntry(). Please
use bibentry() instead.
Flavors: r-devel-linux-x86_64-debian-clang, r-devel-linux-x86_64-debian-gcc