CRAN Package Check Results for Package Ramble

Last updated on 2025-02-22 00:49:56 CET.

Flavor Version Tinstall Tcheck Ttotal Status Flags
r-devel-linux-x86_64-debian-clang 0.1.1 2.02 26.23 28.25 OK
r-devel-linux-x86_64-debian-gcc 0.1.1 1.67 21.22 22.89 OK
r-devel-linux-x86_64-fedora-clang 0.1.1 48.47 OK
r-devel-linux-x86_64-fedora-gcc 0.1.1 58.82 OK
r-devel-macos-arm64 0.1.1 24.00 OK
r-devel-macos-x86_64 0.1.1 42.00 OK
r-devel-windows-x86_64 0.1.1 3.00 51.00 54.00 OK
r-patched-linux-x86_64 0.1.1 2.39 25.13 27.52 NOTE
r-release-linux-x86_64 0.1.1 2.06 24.76 26.82 NOTE
r-release-macos-arm64 0.1.1 23.00 NOTE
r-release-macos-x86_64 0.1.1 34.00 NOTE
r-release-windows-x86_64 0.1.1 3.00 53.00 56.00 NOTE
r-oldrel-macos-arm64 0.1.1 24.00 NOTE
r-oldrel-macos-x86_64 0.1.1 34.00 NOTE
r-oldrel-windows-x86_64 0.1.1 4.00 77.00 81.00 NOTE

Check Details

Version: 0.1.1
Check: LazyData
Result: NOTE 'LazyData' is specified without a 'data' directory Flavors: r-patched-linux-x86_64, r-release-linux-x86_64, r-release-macos-arm64, r-release-macos-x86_64, r-release-windows-x86_64, r-oldrel-macos-arm64, r-oldrel-macos-x86_64, r-oldrel-windows-x86_64