Last updated on 2025-02-22 00:49:56 CET.
Flavor | Version | Tinstall | Tcheck | Ttotal | Status | Flags |
---|---|---|---|---|---|---|
r-devel-linux-x86_64-debian-clang | 1.1.9 | 15.91 | 83.02 | 98.93 | OK | |
r-devel-linux-x86_64-debian-gcc | 1.1.9 | 11.32 | 59.52 | 70.84 | OK | |
r-devel-linux-x86_64-fedora-clang | 1.1.9 | 174.56 | OK | |||
r-devel-linux-x86_64-fedora-gcc | 1.1.9 | 177.20 | OK | |||
r-devel-macos-arm64 | 1.1.9 | 86.00 | OK | |||
r-devel-macos-x86_64 | 1.1.9 | 102.00 | OK | |||
r-devel-windows-x86_64 | 1.1.9 | 12.00 | 118.00 | 130.00 | OK | |
r-patched-linux-x86_64 | 1.1.9 | 14.78 | 78.66 | 93.44 | OK | |
r-release-linux-x86_64 | 1.1.9 | 15.41 | 78.11 | 93.52 | OK | |
r-release-macos-arm64 | 1.1.9 | 83.00 | NOTE | |||
r-release-macos-x86_64 | 1.1.9 | 193.00 | NOTE | |||
r-release-windows-x86_64 | 1.1.9 | 12.00 | 117.00 | 129.00 | NOTE | |
r-oldrel-macos-arm64 | 1.1.8 | 56.00 | NOTE | |||
r-oldrel-macos-x86_64 | 1.1.9 | 181.00 | NOTE | |||
r-oldrel-windows-x86_64 | 1.1.9 | 16.00 | 114.00 | 130.00 | NOTE |
Version: 1.1.9
Check: installed package size
Result: NOTE
installed size is 5.2Mb
sub-directories of 1Mb or more:
data 2.2Mb
extdata 1.4Mb
Flavors: r-release-macos-arm64, r-release-macos-x86_64, r-release-windows-x86_64, r-oldrel-macos-x86_64, r-oldrel-windows-x86_64
Version: 1.1.8
Check: installed package size
Result: NOTE
installed size is 5.2Mb
sub-directories of 1Mb or more:
data 2.2Mb
extdata 1.4Mb
Flavor: r-oldrel-macos-arm64