Last updated on 2024-06-30 00:59:23 CEST.
Flavor | Version | Tinstall | Tcheck | Ttotal | Status | Flags |
---|---|---|---|---|---|---|
r-devel-linux-x86_64-debian-clang | 0.3.5 | 62.83 | 401.62 | 464.45 | OK | |
r-devel-linux-x86_64-debian-gcc | 0.3.5 | 40.83 | 283.00 | 323.83 | OK | |
r-devel-linux-x86_64-fedora-clang | 0.3.5 | 602.97 | NOTE | |||
r-devel-linux-x86_64-fedora-gcc | 0.3.5 | 577.25 | OK | |||
r-devel-windows-x86_64 | 0.3.5 | 48.00 | 454.00 | 502.00 | NOTE | |
r-patched-linux-x86_64 | 0.3.5 | 47.79 | 375.07 | 422.86 | OK | |
r-release-linux-x86_64 | 0.3.5 | 34.33 | 387.98 | 422.31 | OK | |
r-release-macos-arm64 | 0.3.5 | 184.00 | NOTE | |||
r-release-macos-x86_64 | 0.3.5 | 307.00 | NOTE | |||
r-release-windows-x86_64 | 0.3.5 | 44.00 | 444.00 | 488.00 | NOTE | |
r-oldrel-macos-arm64 | 0.3.5 | 205.00 | NOTE | |||
r-oldrel-macos-x86_64 | 0.3.5 | 509.00 | NOTE | |||
r-oldrel-windows-x86_64 | 0.3.5 | 58.00 | 509.00 | 567.00 | NOTE |
Version: 0.3.5
Check: package dependencies
Result: NOTE
Imports includes 25 non-default packages.
Importing from so many packages makes the package vulnerable to any of
them becoming unavailable. Move as many as possible to Suggests and
use conditionally.
Flavor: r-devel-linux-x86_64-fedora-clang
Version: 0.3.5
Check: installed package size
Result: NOTE
installed size is 9.7Mb
sub-directories of 1Mb or more:
data 2.0Mb
doc 6.7Mb
Flavors: r-devel-linux-x86_64-fedora-clang, r-devel-windows-x86_64, r-release-macos-arm64, r-release-macos-x86_64, r-release-windows-x86_64, r-oldrel-macos-arm64, r-oldrel-macos-x86_64, r-oldrel-windows-x86_64
Version: 0.3.5
Check: package dependencies
Result: NOTE
Packages suggested but not available for checking: 'batchelor', 'slingshot'
Flavors: r-release-macos-arm64, r-oldrel-macos-arm64, r-oldrel-macos-x86_64