Last updated on 2025-07-20 01:49:38 CEST.
Flavor | Version | Tinstall | Tcheck | Ttotal | Status | Flags |
---|---|---|---|---|---|---|
r-devel-linux-x86_64-debian-clang | 3.0.0 | 24.79 | 338.99 | 363.78 | NOTE | |
r-devel-linux-x86_64-debian-gcc | 3.0.0 | 17.30 | 215.02 | 232.32 | NOTE | |
r-devel-linux-x86_64-fedora-clang | 3.0.0 | 569.83 | OK | |||
r-devel-linux-x86_64-fedora-gcc | 3.0.0 | 566.77 | OK | |||
r-devel-windows-x86_64 | 3.0.0 | 22.00 | 273.00 | 295.00 | OK | |
r-patched-linux-x86_64 | 3.0.0 | 19.89 | 318.44 | 338.33 | OK | |
r-release-linux-x86_64 | 3.0.0 | 22.36 | 319.49 | 341.85 | OK | |
r-release-macos-arm64 | 3.0.0 | 109.00 | OK | |||
r-release-macos-x86_64 | 3.0.0 | 243.00 | OK | |||
r-release-windows-x86_64 | 3.0.0 | 23.00 | 279.00 | 302.00 | OK | |
r-oldrel-macos-arm64 | 3.0.0 | 110.00 | NOTE | |||
r-oldrel-macos-x86_64 | 3.0.0 | 187.00 | NOTE | |||
r-oldrel-windows-x86_64 | 3.0.0 | 33.00 | 373.00 | 406.00 | OK |
Version: 3.0.0
Check: CRAN incoming feasibility
Result: NOTE
Maintainer: ‘Ye Tian <ye.t@columbia.edu>’
No Authors@R field in DESCRIPTION.
Please add one, modifying
Authors@R: c(person(given = "Ye",
family = "Tian",
role = c("aut", "cre"),
email = "ye.t@columbia.edu"),
person(given = "Yang",
family = "Feng",
role = "aut"))
as necessary.
Flavors: r-devel-linux-x86_64-debian-clang, r-devel-linux-x86_64-debian-gcc
Version: 3.0.0
Check: installed package size
Result: NOTE
installed size is 5.2Mb
sub-directories of 1Mb or more:
data 4.5Mb
Flavors: r-oldrel-macos-arm64, r-oldrel-macos-x86_64