Last updated on 2025-02-22 00:49:59 CET.
Flavor | Version | Tinstall | Tcheck | Ttotal | Status | Flags |
---|---|---|---|---|---|---|
r-devel-linux-x86_64-debian-clang | 0.6.4 | 18.32 | 91.11 | 109.43 | NOTE | |
r-devel-linux-x86_64-debian-gcc | 0.6.4 | 13.43 | 62.90 | 76.33 | NOTE | |
r-devel-linux-x86_64-fedora-clang | 0.6.4 | 192.08 | NOTE | |||
r-devel-linux-x86_64-fedora-gcc | 0.6.4 | 190.72 | NOTE | |||
r-devel-macos-arm64 | 0.6.4 | 64.00 | NOTE | |||
r-devel-macos-x86_64 | 0.6.4 | 113.00 | NOTE | |||
r-devel-windows-x86_64 | 0.6.4 | 22.00 | 119.00 | 141.00 | NOTE | |
r-patched-linux-x86_64 | 0.6.4 | 20.09 | 84.77 | 104.86 | NOTE | |
r-release-linux-x86_64 | 0.6.4 | 19.22 | 84.63 | 103.85 | NOTE | |
r-release-macos-arm64 | 0.6.4 | 60.00 | NOTE | |||
r-release-macos-x86_64 | 0.6.4 | 132.00 | NOTE | |||
r-release-windows-x86_64 | 0.6.4 | 24.00 | 122.00 | 146.00 | NOTE | |
r-oldrel-macos-arm64 | 0.6.4 | 65.00 | NOTE | |||
r-oldrel-macos-x86_64 | 0.6.4 | 109.00 | NOTE | |||
r-oldrel-windows-x86_64 | 0.6.4 | 28.00 | 151.00 | 179.00 | NOTE |
Version: 0.6.4
Check: C++ specification
Result: NOTE
Specified C++11: please drop specification unless essential
Flavors: r-devel-linux-x86_64-debian-clang, r-devel-linux-x86_64-debian-gcc, r-devel-linux-x86_64-fedora-clang, r-devel-linux-x86_64-fedora-gcc, r-devel-macos-arm64, r-devel-macos-x86_64, r-devel-windows-x86_64, r-patched-linux-x86_64, r-release-linux-x86_64, r-release-macos-arm64, r-release-macos-x86_64, r-release-windows-x86_64, r-oldrel-macos-arm64, r-oldrel-macos-x86_64, r-oldrel-windows-x86_64