Last updated on 2024-07-13 12:48:27 CEST.
Flavor | Version | Tinstall | Tcheck | Ttotal | Status | Flags |
---|---|---|---|---|---|---|
r-devel-linux-x86_64-debian-clang | 1.5 | 598.65 | 136.26 | 734.91 | OK | |
r-devel-linux-x86_64-debian-gcc | 1.5 | 522.61 | 100.88 | 623.49 | OK | |
r-devel-linux-x86_64-fedora-clang | 1.5 | 986.50 | NOTE | |||
r-devel-linux-x86_64-fedora-gcc | 1.5 | 1398.39 | OK | |||
r-devel-windows-x86_64 | 1.5 | 475.00 | 236.00 | 711.00 | NOTE | |
r-patched-linux-x86_64 | 1.5 | 609.05 | 129.74 | 738.79 | OK | |
r-release-linux-x86_64 | 1.5 | 615.48 | 129.55 | 745.03 | OK | |
r-release-macos-arm64 | 1.5 | 299.00 | NOTE | |||
r-release-macos-x86_64 | 1.5 | 233.00 | NOTE | |||
r-release-windows-x86_64 | 1.5 | 466.00 | 219.00 | 685.00 | NOTE | |
r-oldrel-macos-arm64 | 1.5 | 276.00 | NOTE | |||
r-oldrel-macos-x86_64 | 1.5 | 321.00 | NOTE | |||
r-oldrel-windows-x86_64 | 1.5 | 644.00 | 278.00 | 922.00 | NOTE |
Version: 1.5
Check: installed package size
Result: NOTE
installed size is 11.9Mb
sub-directories of 1Mb or more:
libs 10.1Mb
Flavors: r-devel-linux-x86_64-fedora-clang, r-devel-windows-x86_64, r-release-macos-arm64, r-release-macos-x86_64, r-release-windows-x86_64, r-oldrel-macos-arm64, r-oldrel-macos-x86_64, r-oldrel-windows-x86_64