Last updated on 2025-07-20 12:49:36 CEST.
Flavor | Version | Tinstall | Tcheck | Ttotal | Status | Flags |
---|---|---|---|---|---|---|
r-devel-linux-x86_64-debian-clang | 1.7 | 471.89 | 113.93 | 585.82 | OK | |
r-devel-linux-x86_64-debian-gcc | 1.7 | 409.27 | 79.98 | 489.25 | OK | |
r-devel-linux-x86_64-fedora-clang | 1.7 | 946.88 | OK | |||
r-devel-linux-x86_64-fedora-gcc | 1.7 | 1316.33 | OK | |||
r-devel-windows-x86_64 | 1.7 | 522.00 | 227.00 | 749.00 | OK | |
r-patched-linux-x86_64 | 1.7 | 588.83 | 107.53 | 696.36 | OK | |
r-release-linux-x86_64 | 1.7 | 574.04 | 108.53 | 682.57 | OK | |
r-release-macos-arm64 | 1.7 | 312.00 | OK | |||
r-release-macos-x86_64 | 1.7 | 312.00 | OK | |||
r-release-windows-x86_64 | 1.7 | 515.00 | 248.00 | 763.00 | OK | |
r-oldrel-macos-arm64 | 1.7 | 269.00 | NOTE | |||
r-oldrel-macos-x86_64 | 1.7 | 385.00 | NOTE | |||
r-oldrel-windows-x86_64 | 1.7 | 632.00 | 298.00 | 930.00 | NOTE |
Version: 1.7
Check: installed package size
Result: NOTE
installed size is 122.6Mb
sub-directories of 1Mb or more:
R 1.0Mb
libs 120.8Mb
Flavors: r-oldrel-macos-arm64, r-oldrel-macos-x86_64, r-oldrel-windows-x86_64