Last updated on 2024-08-16 12:49:19 CEST.
Flavor | Version | Tinstall | Tcheck | Ttotal | Status | Flags |
---|---|---|---|---|---|---|
r-devel-linux-x86_64-debian-clang | 1.3.5 | 43.88 | 100.72 | 144.60 | OK | |
r-devel-linux-x86_64-debian-gcc | 1.3.5 | 30.44 | 74.14 | 104.58 | OK | |
r-devel-linux-x86_64-fedora-clang | 1.3.5 | 257.00 | NOTE | |||
r-devel-linux-x86_64-fedora-gcc | 1.3.5 | 239.10 | NOTE | |||
r-devel-windows-x86_64 | 1.3.5 | 54.00 | 148.00 | 202.00 | OK | |
r-patched-linux-x86_64 | 1.3.5 | 47.12 | 97.25 | 144.37 | OK | |
r-release-linux-x86_64 | 1.3.5 | 42.29 | 98.61 | 140.90 | OK | |
r-release-macos-arm64 | 1.3.5 | 81.00 | OK | |||
r-release-macos-x86_64 | 1.3.5 | 171.00 | OK | |||
r-release-windows-x86_64 | 1.3.5 | 51.00 | 148.00 | 199.00 | OK | |
r-oldrel-macos-arm64 | 1.3.5 | 72.00 | OK | |||
r-oldrel-macos-x86_64 | 1.3.5 | 124.00 | OK | |||
r-oldrel-windows-x86_64 | 1.3.5 | 67.00 | 181.00 | 248.00 | OK |
Version: 1.3.5
Check: package dependencies
Result: NOTE
Imports includes 23 non-default packages.
Importing from so many packages makes the package vulnerable to any of
them becoming unavailable. Move as many as possible to Suggests and
use conditionally.
Flavor: r-devel-linux-x86_64-fedora-clang
Version: 1.3.5
Check: data for non-ASCII characters
Result: NOTE
Note: found 50 marked UTF-8 strings
Flavors: r-devel-linux-x86_64-fedora-clang, r-devel-linux-x86_64-fedora-gcc