Last updated on 2025-05-07 00:50:35 CEST.
Flavor | Version | Tinstall | Tcheck | Ttotal | Status | Flags |
---|---|---|---|---|---|---|
r-devel-linux-x86_64-debian-clang | 0.1.3 | 1.47 | 16.49 | 17.96 | NOTE | |
r-devel-linux-x86_64-debian-gcc | 0.1.3 | 1.31 | 13.86 | 15.17 | NOTE | |
r-devel-linux-x86_64-fedora-clang | 0.1.3 | 28.25 | OK | |||
r-devel-linux-x86_64-fedora-gcc | 0.1.3 | 26.97 | OK | |||
r-devel-windows-x86_64 | 0.1.3 | 2.00 | 37.00 | 39.00 | OK | |
r-patched-linux-x86_64 | 0.1.3 | 1.41 | 15.67 | 17.08 | OK | |
r-release-linux-x86_64 | 0.1.3 | 1.36 | 15.78 | 17.14 | OK | |
r-release-macos-arm64 | 0.1.3 | 14.00 | OK | |||
r-release-macos-x86_64 | 0.1.3 | 30.00 | OK | |||
r-release-windows-x86_64 | 0.1.3 | 4.00 | 38.00 | 42.00 | OK | |
r-oldrel-macos-arm64 | 0.1.3 | 13.00 | OK | |||
r-oldrel-macos-x86_64 | 0.1.3 | 19.00 | OK | |||
r-oldrel-windows-x86_64 | 0.1.3 | 2.00 | 37.00 | 39.00 | OK |
Version: 0.1.3
Check: CRAN incoming feasibility
Result: NOTE
Maintainer: ‘Johannes Burkhardt <johannes.burkhardt@gmail.com>’
No Authors@R field in DESCRIPTION.
Please add one, modifying
Authors@R: person(given = "Johannes",
family = "Burkhardt",
role = c("aut", "cre"),
email = "johannes.burkhardt@gmail.com")
as necessary.
Flavors: r-devel-linux-x86_64-debian-clang, r-devel-linux-x86_64-debian-gcc