Last updated on 2025-04-29 13:51:39 CEST.
Flavor | Version | Tinstall | Tcheck | Ttotal | Status | Flags |
---|---|---|---|---|---|---|
r-devel-linux-x86_64-debian-clang | 3.0.0 | 24.61 | 278.17 | 302.78 | NOTE | |
r-devel-linux-x86_64-debian-gcc | 3.0.0 | 15.10 | 196.26 | 211.36 | NOTE | |
r-devel-linux-x86_64-fedora-clang | 3.0.0 | 484.29 | OK | |||
r-devel-linux-x86_64-fedora-gcc | 3.0.0 | 476.99 | OK | |||
r-devel-windows-x86_64 | 3.0.0 | 25.00 | 236.00 | 261.00 | OK | |
r-patched-linux-x86_64 | 3.0.0 | 26.31 | 268.05 | 294.36 | OK | |
r-release-linux-x86_64 | 3.0.0 | 22.82 | 266.30 | 289.12 | OK | |
r-release-macos-arm64 | 3.0.0 | 118.00 | OK | |||
r-release-macos-x86_64 | 3.0.0 | 253.00 | OK | |||
r-release-windows-x86_64 | 3.0.0 | 27.00 | 237.00 | 264.00 | OK | |
r-oldrel-macos-arm64 | 3.0.0 | 117.00 | OK | |||
r-oldrel-macos-x86_64 | 3.0.0 | 216.00 | OK | |||
r-oldrel-windows-x86_64 | 3.0.0 | 32.00 | 314.00 | 346.00 | OK |
Version: 3.0.0
Check: examples
Result: NOTE
Examples with CPU (user + system) or elapsed time > 5s
user system elapsed
move.lineage 8.368 0.123 10.389
Flavor: r-devel-linux-x86_64-debian-clang
Version: 3.0.0
Check: examples
Result: NOTE
Examples with CPU (user + system) or elapsed time > 5s
user system elapsed
move.lineage 4.645 0.121 5.916
Flavor: r-devel-linux-x86_64-debian-gcc