Last updated on 2025-04-29 01:49:46 CEST.
Flavor | Version | Tinstall | Tcheck | Ttotal | Status | Flags |
---|---|---|---|---|---|---|
r-devel-linux-x86_64-debian-clang | 0.1.3 | 1.66 | 19.59 | 21.25 | OK | |
r-devel-linux-x86_64-debian-gcc | 0.1.3 | 1.55 | 17.50 | 19.05 | NOTE | |
r-devel-linux-x86_64-fedora-clang | 0.1.3 | 33.55 | OK | |||
r-devel-linux-x86_64-fedora-gcc | 0.1.3 | 32.33 | OK | |||
r-devel-windows-x86_64 | 0.1.3 | 3.00 | 41.00 | 44.00 | OK | |
r-patched-linux-x86_64 | 0.1.3 | 2.02 | 19.22 | 21.24 | OK | |
r-release-linux-x86_64 | 0.1.3 | 1.61 | 19.18 | 20.79 | OK | |
r-release-macos-arm64 | 0.1.3 | 19.00 | OK | |||
r-release-macos-x86_64 | 0.1.3 | 25.00 | OK | |||
r-release-windows-x86_64 | 0.1.3 | 5.00 | 43.00 | 48.00 | OK | |
r-oldrel-macos-arm64 | 0.1.3 | 17.00 | OK | |||
r-oldrel-macos-x86_64 | 0.1.3 | 22.00 | OK | |||
r-oldrel-windows-x86_64 | 0.1.3 | 3.00 | 44.00 | 47.00 | OK |
Version: 0.1.3
Check: CRAN incoming feasibility
Result: NOTE
Maintainer: ‘Thomas J. Leeper <thosjleeper@gmail.com>’
Package CITATION file contains call(s) to old-style personList() or
as.personList(). Please use c() on person objects instead.
Package CITATION file contains call(s) to old-style citEntry(). Please
use bibentry() instead.
Flavor: r-devel-linux-x86_64-debian-gcc