CRAN Package Check Results for Package RProbSup

Last updated on 2025-04-29 13:51:39 CEST.

Flavor Version Tinstall Tcheck Ttotal Status Flags
r-devel-linux-x86_64-debian-clang 3.0 3.03 32.02 35.05 NOTE
r-devel-linux-x86_64-debian-gcc 3.0 2.19 22.38 24.57 NOTE
r-devel-linux-x86_64-fedora-clang 3.0 53.86 OK
r-devel-linux-x86_64-fedora-gcc 3.0 51.37 OK
r-devel-windows-x86_64 3.0 4.00 49.00 53.00 OK
r-patched-linux-x86_64 3.0 2.96 29.10 32.06 OK
r-release-linux-x86_64 3.0 2.96 29.25 32.21 OK
r-release-macos-arm64 3.0 21.00 OK
r-release-macos-x86_64 3.0 33.00 OK
r-release-windows-x86_64 3.0 5.00 48.00 53.00 OK
r-oldrel-macos-arm64 3.0 16.00 NOTE
r-oldrel-macos-x86_64 3.0 26.00 NOTE
r-oldrel-windows-x86_64 3.0 5.00 47.00 52.00 NOTE

Check Details

Version: 3.0
Check: CRAN incoming feasibility
Result: NOTE Maintainer: ‘John Ruscio <ruscio@tcnj.edu>’ No Authors@R field in DESCRIPTION. Please add one, modifying Authors@R: person(given = "John", family = "Ruscio", role = c("aut", "cre"), email = "ruscio@tcnj.edu") as necessary. Flavors: r-devel-linux-x86_64-debian-clang, r-devel-linux-x86_64-debian-gcc

Version: 3.0
Check: LazyData
Result: NOTE 'LazyData' is specified without a 'data' directory Flavors: r-oldrel-macos-arm64, r-oldrel-macos-x86_64, r-oldrel-windows-x86_64