Last updated on 2024-08-16 12:49:18 CEST.
Flavor | Version | Tinstall | Tcheck | Ttotal | Status | Flags |
---|---|---|---|---|---|---|
r-devel-linux-x86_64-debian-clang | 0.0-4 | 2.45 | 22.29 | 24.74 | OK | |
r-devel-linux-x86_64-debian-gcc | 0.0-4 | 1.66 | 17.59 | 19.25 | OK | |
r-devel-linux-x86_64-fedora-clang | 0.0-4 | 39.99 | NOTE | |||
r-devel-linux-x86_64-fedora-gcc | 0.0-4 | 37.57 | OK | |||
r-devel-windows-x86_64 | 0.0-4 | 3.00 | 45.00 | 48.00 | OK | |
r-patched-linux-x86_64 | 0.0-4 | 2.38 | 21.48 | 23.86 | OK | |
r-release-linux-x86_64 | 0.0-4 | 1.91 | 21.23 | 23.14 | OK | |
r-release-macos-arm64 | 0.0-4 | 16.00 | OK | |||
r-release-macos-x86_64 | 0.0-4 | 23.00 | OK | |||
r-release-windows-x86_64 | 0.0-4 | 5.00 | 45.00 | 50.00 | OK | |
r-oldrel-macos-arm64 | 0.0-4 | 18.00 | OK | |||
r-oldrel-macos-x86_64 | 0.0-4 | 21.00 | OK | |||
r-oldrel-windows-x86_64 | 0.0-4 | 3.00 | 46.00 | 49.00 | OK |
Version: 0.0-4
Check: Rd cross-references
Result: NOTE
Undeclared package ‘pROC’ in Rd xrefs
Flavor: r-devel-linux-x86_64-fedora-clang