Last updated on 2025-04-16 01:51:03 CEST.
Flavor | Version | Tinstall | Tcheck | Ttotal | Status | Flags |
---|---|---|---|---|---|---|
r-devel-linux-x86_64-debian-clang | 2.8.4 | 364.12 | 47.83 | 411.95 | OK | |
r-devel-linux-x86_64-debian-gcc | 2.8.4 | 278.97 | 45.20 | 324.17 | OK | |
r-devel-linux-x86_64-fedora-clang | 2.8.4 | 861.25 | OK | |||
r-devel-linux-x86_64-fedora-gcc | 2.8.4 | 828.11 | OK | |||
r-devel-windows-x86_64 | 2.8.4 | 405.00 | 112.00 | 517.00 | OK | |
r-patched-linux-x86_64 | 2.8.4 | 383.36 | 58.74 | 442.10 | OK | |
r-release-linux-x86_64 | 2.8.4 | 383.98 | 60.42 | 444.40 | OK | |
r-release-macos-arm64 | 2.8.4 | 156.00 | OK | |||
r-release-macos-x86_64 | 2.8.4 | 183.00 | OK | |||
r-release-windows-x86_64 | 2.8.4 | 404.00 | 106.00 | 510.00 | OK | |
r-oldrel-macos-arm64 | 2.8.4 | 158.00 | NOTE | |||
r-oldrel-macos-x86_64 | 2.8.4 | 184.00 | NOTE | |||
r-oldrel-windows-x86_64 | 2.8.4 | 474.00 | 126.00 | 600.00 | NOTE |
Version: 2.8.4
Check: installed package size
Result: NOTE
installed size is 119.5Mb
sub-directories of 1Mb or more:
extdata 2.0Mb
libs 117.3Mb
Flavors: r-oldrel-macos-arm64, r-oldrel-macos-x86_64, r-oldrel-windows-x86_64