Last updated on 2024-08-16 12:49:18 CEST.
Flavor | Version | Tinstall | Tcheck | Ttotal | Status | Flags |
---|---|---|---|---|---|---|
r-devel-linux-x86_64-debian-clang | 4.1.4 | 7.35 | 158.38 | 165.73 | NOTE | |
r-devel-linux-x86_64-debian-gcc | 4.1.4 | 5.07 | 106.43 | 111.50 | NOTE | |
r-devel-linux-x86_64-fedora-clang | 4.1.4 | 283.09 | OK | |||
r-devel-linux-x86_64-fedora-gcc | 4.1.4 | 278.20 | OK | |||
r-devel-windows-x86_64 | 4.1.4 | 8.00 | 266.00 | 274.00 | NOTE | |
r-patched-linux-x86_64 | 4.1.4 | 12.82 | 158.00 | 170.82 | OK | |
r-release-linux-x86_64 | 4.1.4 | 6.79 | 154.04 | 160.83 | OK | |
r-release-macos-arm64 | 4.1.4 | 82.00 | OK | |||
r-release-macos-x86_64 | 4.1.4 | 163.00 | OK | |||
r-release-windows-x86_64 | 4.1.4 | 8.00 | 268.00 | 276.00 | OK | |
r-oldrel-macos-arm64 | 4.1.4 | 87.00 | OK | |||
r-oldrel-macos-x86_64 | 4.1.4 | 270.00 | OK | |||
r-oldrel-windows-x86_64 | 4.1.4 | 11.00 | 281.00 | 292.00 | OK |
Version: 4.1.4
Check: Rd cross-references
Result: NOTE
Found the following Rd file(s) with Rd \link{} targets missing package
anchors:
RMixtComp-package.Rd: createAlgo, availableModels,
RMixtCompUtilities-package, getBIC, getICL, getCompletedData,
getParam, getProportion, getTik, getEmpiricTik, getPartition,
getType, getModel, getVarNames, computeDiscrimPowerClass,
computeDiscrimPowerVar, computeSimilarityClass,
computeSimilarityVar, plot.MixtComp, heatmapClass,
heatmapTikSorted, heatmapVar, histMisclassif, plotConvergence,
plotDataBoxplot, plotDataCI, plotDiscrimClass, plotDiscrimVar,
plotProportion, RMixtCompIO-package
mixtCompLearn.Rd: createAlgo, availableModels, heatmapVar
plot.MixtCompLearn.Rd: plotDataCI, plotDataBoxplot
Please provide package anchors for all Rd \link{} targets not in the
package itself and the base packages.
Flavors: r-devel-linux-x86_64-debian-clang, r-devel-linux-x86_64-debian-gcc, r-devel-windows-x86_64