CRAN Package Check Results for Package RGraphics

Last updated on 2025-07-20 01:49:38 CEST.

Flavor Version Tinstall Tcheck Ttotal Status Flags
r-devel-linux-x86_64-debian-clang 3.0-2 12.61 76.31 88.92 NOTE
r-devel-linux-x86_64-debian-gcc 3.0-2 8.58 53.18 61.76 NOTE
r-devel-linux-x86_64-fedora-clang 3.0-2 135.44 OK
r-devel-linux-x86_64-fedora-gcc 3.0-2 125.66 OK
r-devel-windows-x86_64 3.0-2 13.00 78.00 91.00 OK
r-patched-linux-x86_64 3.0-2 11.56 69.70 81.26 OK
r-release-linux-x86_64 3.0-2 10.97 69.16 80.13 OK
r-release-macos-arm64 3.0-2 35.00 OK
r-release-macos-x86_64 3.0-2 67.00 OK
r-release-windows-x86_64 3.0-2 14.00 76.00 90.00 OK
r-oldrel-macos-arm64 3.0-2 34.00 OK
r-oldrel-macos-x86_64 3.0-2 62.00 OK
r-oldrel-windows-x86_64 3.0-2 19.00 101.00 120.00 OK

Check Details

Version: 3.0-2
Check: CRAN incoming feasibility
Result: NOTE Maintainer: ‘Paul Murrell <paul@stat.auckland.ac.nz>’ No Authors@R field in DESCRIPTION. Please add one, modifying Authors@R: person(given = "Paul", family = "Murrell", role = c("aut", "cre"), email = "paul@stat.auckland.ac.nz") as necessary. Flavors: r-devel-linux-x86_64-debian-clang, r-devel-linux-x86_64-debian-gcc