Last updated on 2024-08-16 12:49:18 CEST.
Flavor | Version | Tinstall | Tcheck | Ttotal | Status | Flags |
---|---|---|---|---|---|---|
r-devel-linux-x86_64-debian-clang | 1.0.8 | 40.72 | 121.23 | 161.95 | NOTE | |
r-devel-linux-x86_64-debian-gcc | 1.0.8 | 29.69 | 77.51 | 107.20 | NOTE | |
r-devel-linux-x86_64-fedora-clang | 1.0.8 | 270.53 | NOTE | |||
r-devel-linux-x86_64-fedora-gcc | 1.0.8 | 262.39 | NOTE | |||
r-devel-windows-x86_64 | 1.0.8 | 45.00 | 119.00 | 164.00 | NOTE | |
r-patched-linux-x86_64 | 1.0.8 | 41.38 | 113.34 | 154.72 | OK | |
r-release-linux-x86_64 | 1.0.8 | 39.66 | 112.97 | 152.63 | OK | |
r-release-macos-arm64 | 1.0.8 | 62.00 | OK | |||
r-release-macos-x86_64 | 1.0.8 | 103.00 | OK | |||
r-release-windows-x86_64 | 1.0.8 | 45.00 | 121.00 | 166.00 | OK | |
r-oldrel-macos-arm64 | 1.0.8 | 71.00 | OK | |||
r-oldrel-macos-x86_64 | 1.0.8 | 159.00 | OK | |||
r-oldrel-windows-x86_64 | 1.0.8 | 60.00 | 154.00 | 214.00 | OK |
Version: 1.0.8
Check: compiled code
Result: NOTE
File ‘RFpredInterval/libs/RFpredInterval.so’:
Found non-API call to R: ‘STRING_PTR’
Compiled code should not call non-API entry points in R.
See ‘Writing portable packages’ in the ‘Writing R Extensions’ manual,
and section ‘Moving into C API compliance’ for issues with the use of
non-API entry points.
Flavors: r-devel-linux-x86_64-debian-clang, r-devel-linux-x86_64-debian-gcc, r-devel-linux-x86_64-fedora-clang, r-devel-linux-x86_64-fedora-gcc
Version: 1.0.8
Check: compiled code
Result: NOTE
File 'RFpredInterval/libs/x64/RFpredInterval.dll':
Found non-API call to R: 'STRING_PTR'
Compiled code should not call non-API entry points in R.
See 'Writing portable packages' in the 'Writing R Extensions' manual,
and section 'Moving into C API compliance' for issues with the use of
non-API entry points.
Flavor: r-devel-windows-x86_64