Last updated on 2025-04-29 01:49:45 CEST.
Flavor | Version | Tinstall | Tcheck | Ttotal | Status | Flags |
---|---|---|---|---|---|---|
r-devel-linux-x86_64-debian-clang | 2.0 | 2.86 | 72.41 | 75.27 | OK | |
r-devel-linux-x86_64-debian-gcc | 2.0 | 2.20 | 60.95 | 63.15 | NOTE | |
r-devel-linux-x86_64-fedora-clang | 2.0 | 125.67 | OK | |||
r-devel-linux-x86_64-fedora-gcc | 2.0 | 123.60 | OK | |||
r-devel-windows-x86_64 | 2.0 | 5.00 | 99.00 | 104.00 | OK | |
r-patched-linux-x86_64 | 2.0 | 3.87 | 72.18 | 76.05 | OK | |
r-release-linux-x86_64 | 2.0 | 2.98 | 70.75 | 73.73 | OK | |
r-release-macos-arm64 | 2.0 | 43.00 | OK | |||
r-release-macos-x86_64 | 2.0 | 88.00 | OK | |||
r-release-windows-x86_64 | 2.0 | 5.00 | 100.00 | 105.00 | OK | |
r-oldrel-macos-arm64 | 2.0 | 39.00 | OK | |||
r-oldrel-macos-x86_64 | 2.0 | 60.00 | OK | |||
r-oldrel-windows-x86_64 | 2.0 | 4.00 | 117.00 | 121.00 | OK |
Version: 2.0
Check: CRAN incoming feasibility
Result: NOTE
Maintainer: ‘Matthias Kohl <Matthias.Kohl@stamats.de>’
Package CITATION file contains call(s) to old-style personList() or
as.personList(). Please use c() on person objects instead.
Flavor: r-devel-linux-x86_64-debian-gcc
Version: 2.0
Check: examples
Result: NOTE
Examples with CPU (user + system) or elapsed time > 5s
user system elapsed
0RFLP-package 4.855 0.121 7.910
simMatrix 4.369 0.000 5.771
sim2dist 4.360 0.000 5.572
Flavor: r-devel-linux-x86_64-debian-gcc