Last updated on 2025-05-19 01:50:05 CEST.
Flavor | Version | Tinstall | Tcheck | Ttotal | Status | Flags |
---|---|---|---|---|---|---|
r-devel-linux-x86_64-debian-clang | 0.1.1 | 11.67 | 47.51 | 59.18 | NOTE | |
r-devel-linux-x86_64-debian-gcc | 0.1.1 | 8.17 | 33.90 | 42.07 | NOTE | |
r-devel-linux-x86_64-fedora-clang | 0.1.1 | 97.21 | NOTE | |||
r-devel-linux-x86_64-fedora-gcc | 0.1.1 | 92.14 | NOTE | |||
r-devel-windows-x86_64 | 0.1.1 | 15.00 | 84.00 | 99.00 | NOTE | |
r-patched-linux-x86_64 | 0.1.1 | 9.92 | 44.45 | 54.37 | NOTE | |
r-release-linux-x86_64 | 0.1.1 | 10.27 | 44.51 | 54.78 | NOTE | |
r-release-macos-arm64 | 0.1.1 | 31.00 | NOTE | |||
r-release-macos-x86_64 | 0.1.1 | 59.00 | NOTE | |||
r-release-windows-x86_64 | 0.1.1 | 15.00 | 85.00 | 100.00 | NOTE | |
r-oldrel-macos-arm64 | 0.1.1 | 30.00 | NOTE | |||
r-oldrel-macos-x86_64 | 0.1.1 | 44.00 | NOTE | |||
r-oldrel-windows-x86_64 | 0.1.1 | 18.00 | 97.00 | 115.00 | NOTE |
Version: 0.1.1
Check: CRAN incoming feasibility
Result: NOTE
Maintainer: ‘Christopher Strothmann <rdmpackage@gmail.com>’
The Description field contains
presented in Strothmann et al. (2022) <arXiv:2201.03329> and Strothmann
Please refer to arXiv e-prints via their arXiv DOI <doi:10.48550/arXiv.YYMM.NNNNN>.
Flavors: r-devel-linux-x86_64-debian-clang, r-devel-linux-x86_64-debian-gcc
Version: 0.1.1
Check: Rd files
Result: NOTE
checkRd: (-1) computeCBMeasure.Rd:26: Lost braces in \itemize; meant \describe ?
checkRd: (-1) computeCBMeasure.Rd:27: Lost braces in \itemize; meant \describe ?
checkRd: (-1) computeCBMeasure.Rd:28: Lost braces in \itemize; meant \describe ?
checkRd: (-1) computeCBMeasure.Rd:29: Lost braces in \itemize; meant \describe ?
checkRd: (-1) computeCBMeasure.Rd:30: Lost braces in \itemize; meant \describe ?
checkRd: (-1) rdm.Rd:52: Lost braces in \itemize; meant \describe ?
checkRd: (-1) rdm.Rd:53: Lost braces in \itemize; meant \describe ?
checkRd: (-1) rdm.Rd:54: Lost braces in \itemize; meant \describe ?
checkRd: (-1) rdm.Rd:55: Lost braces in \itemize; meant \describe ?
checkRd: (-1) rdm.Rd:56: Lost braces in \itemize; meant \describe ?
Flavors: r-devel-linux-x86_64-debian-clang, r-devel-linux-x86_64-debian-gcc, r-devel-linux-x86_64-fedora-clang, r-devel-linux-x86_64-fedora-gcc, r-devel-windows-x86_64, r-patched-linux-x86_64, r-release-linux-x86_64, r-release-macos-arm64, r-release-macos-x86_64, r-release-windows-x86_64, r-oldrel-macos-arm64, r-oldrel-macos-x86_64, r-oldrel-windows-x86_64