Last updated on 2024-08-16 12:49:17 CEST.
Flavor | Version | Tinstall | Tcheck | Ttotal | Status | Flags |
---|---|---|---|---|---|---|
r-devel-linux-x86_64-debian-clang | 0.6.9 | 85.32 | 53.75 | 139.07 | NOTE | |
r-devel-linux-x86_64-debian-gcc | 0.6.9 | 64.71 | 38.98 | 103.69 | NOTE | |
r-devel-linux-x86_64-fedora-clang | 0.6.9 | 282.34 | OK | |||
r-devel-linux-x86_64-fedora-gcc | 0.6.9 | 273.25 | OK | |||
r-devel-windows-x86_64 | 0.6.9 | 122.00 | 91.00 | 213.00 | NOTE | |
r-patched-linux-x86_64 | 0.6.9 | 92.08 | 50.89 | 142.97 | OK | |
r-release-linux-x86_64 | 0.6.9 | 88.26 | 50.89 | 139.15 | OK | |
r-release-macos-arm64 | 0.6.9 | 70.00 | NOTE | |||
r-release-macos-x86_64 | 0.6.9 | 73.00 | NOTE | |||
r-release-windows-x86_64 | 0.6.9 | 119.00 | 92.00 | 211.00 | OK | |
r-oldrel-macos-arm64 | 0.6.9 | 75.00 | NOTE | |||
r-oldrel-macos-x86_64 | 0.6.9 | 101.00 | NOTE | |||
r-oldrel-windows-x86_64 | 0.6.9 | 141.00 | 112.00 | 253.00 | OK |
Version: 0.6.9
Check: Rd cross-references
Result: NOTE
Found the following Rd file(s) with Rd \link{} targets missing package
anchors:
ClickhouseResult-class.Rd: DBIResult-class
Please provide package anchors for all Rd \link{} targets not in the
package itself and the base packages.
Flavors: r-devel-linux-x86_64-debian-clang, r-devel-linux-x86_64-debian-gcc, r-devel-windows-x86_64
Version: 0.6.9
Check: installed package size
Result: NOTE
installed size is 13.4Mb
sub-directories of 1Mb or more:
libs 13.1Mb
Flavors: r-release-macos-arm64, r-release-macos-x86_64, r-oldrel-macos-arm64, r-oldrel-macos-x86_64