Last updated on 2025-07-20 12:49:34 CEST.
Flavor | Version | Tinstall | Tcheck | Ttotal | Status | Flags |
---|---|---|---|---|---|---|
r-devel-linux-x86_64-debian-clang | 1.0.1 | 129.33 | 125.04 | 254.37 | OK | |
r-devel-linux-x86_64-debian-gcc | 1.0.1 | 136.18 | 100.19 | 236.37 | OK | |
r-devel-linux-x86_64-fedora-clang | 1.0.1 | 400.92 | OK | |||
r-devel-linux-x86_64-fedora-gcc | 1.0.1 | 486.36 | OK | |||
r-devel-windows-x86_64 | 1.0.1 | 146.00 | 155.00 | 301.00 | OK | |
r-patched-linux-x86_64 | 1.0.1 | 143.90 | 131.29 | 275.19 | OK | |
r-release-linux-x86_64 | 1.0.1 | 146.35 | 131.34 | 277.69 | OK | |
r-release-macos-arm64 | 1.0.1 | 107.00 | OK | |||
r-release-macos-x86_64 | 1.0.1 | 211.00 | OK | |||
r-release-windows-x86_64 | 1.0.1 | 152.00 | 151.00 | 303.00 | OK | |
r-oldrel-macos-arm64 | 1.0.1 | 115.00 | NOTE | |||
r-oldrel-macos-x86_64 | 1.0.1 | 193.00 | NOTE | |||
r-oldrel-windows-x86_64 | 1.0.1 | 172.00 | 197.00 | 369.00 | NOTE |
Version: 1.0.1
Check: installed package size
Result: NOTE
installed size is 44.2Mb
sub-directories of 1Mb or more:
libs 43.9Mb
Flavors: r-oldrel-macos-arm64, r-oldrel-macos-x86_64
Version: 1.0.1
Check: for GNU extensions in Makefiles
Result: NOTE
GNU make is a SystemRequirements.
Flavors: r-oldrel-macos-arm64, r-oldrel-macos-x86_64, r-oldrel-windows-x86_64