CRAN Package Check Results for Package R.temis

Last updated on 2025-05-19 01:50:04 CEST.

Flavor Version Tinstall Tcheck Ttotal Status Flags
r-devel-linux-x86_64-debian-clang 0.1.3 8.39 107.78 116.17 NOTE
r-devel-linux-x86_64-debian-gcc 0.1.3 6.08 76.33 82.41 NOTE
r-devel-linux-x86_64-fedora-clang 0.1.3 192.27 NOTE
r-devel-linux-x86_64-fedora-gcc 0.1.3 195.44 NOTE
r-devel-windows-x86_64 0.1.3 15.00 114.00 129.00 NOTE
r-patched-linux-x86_64 0.1.3 7.21 102.63 109.84 NOTE
r-release-linux-x86_64 0.1.3 8.55 101.86 110.41 NOTE
r-release-macos-arm64 0.1.3 52.00 OK
r-release-macos-x86_64 0.1.3 95.00 OK
r-release-windows-x86_64 0.1.3 14.00 115.00 129.00 NOTE
r-oldrel-macos-arm64 0.1.3 57.00 OK
r-oldrel-macos-x86_64 0.1.3 83.00 OK
r-oldrel-windows-x86_64 0.1.3 18.00 145.00 163.00 OK

Check Details

Version: 0.1.3
Check: Rd cross-references
Result: NOTE Found the following Rd file(s) with Rd \link{} targets missing package anchors: terms_graph.Rd: tkplot, plot.igraph Please provide package anchors for all Rd \link{} targets not in the package itself and the base packages. Flavors: r-devel-linux-x86_64-debian-clang, r-devel-linux-x86_64-debian-gcc, r-devel-windows-x86_64, r-patched-linux-x86_64, r-release-linux-x86_64, r-release-windows-x86_64

Version: 0.1.3
Check: dependencies in R code
Result: NOTE Namespace in Imports field not imported from: ‘testthat’ All declared Imports should be used. Flavors: r-devel-linux-x86_64-fedora-clang, r-devel-linux-x86_64-fedora-gcc