Last updated on 2024-06-30 00:59:23 CEST.
Flavor | Version | Tinstall | Tcheck | Ttotal | Status | Flags |
---|---|---|---|---|---|---|
r-devel-linux-x86_64-debian-clang | 1.1.1 | 41.28 | 360.10 | 401.38 | OK | |
r-devel-linux-x86_64-debian-gcc | 1.1.1 | 36.76 | 249.75 | 286.51 | OK | |
r-devel-linux-x86_64-fedora-clang | 1.1.1 | 499.41 | NOTE | |||
r-devel-linux-x86_64-fedora-gcc | 1.1.1 | 477.19 | OK | |||
r-devel-windows-x86_64 | 1.1.1 | 36.00 | 252.00 | 288.00 | NOTE | |
r-patched-linux-x86_64 | 1.1.1 | 49.33 | 336.85 | 386.18 | OK | |
r-release-linux-x86_64 | 1.1.1 | 44.10 | 337.14 | 381.24 | OK | |
r-release-macos-arm64 | 1.1.1 | 174.00 | NOTE | |||
r-release-macos-x86_64 | 1.1.1 | 239.00 | NOTE | |||
r-release-windows-x86_64 | 1.1.1 | 40.00 | 254.00 | 294.00 | NOTE | |
r-oldrel-macos-arm64 | 1.1.1 | 134.00 | NOTE | |||
r-oldrel-macos-x86_64 | 1.1.1 | 194.00 | NOTE | |||
r-oldrel-windows-x86_64 | 1.1.1 | 51.00 | 331.00 | 382.00 | NOTE |
Version: 1.1.1
Check: installed package size
Result: NOTE
installed size is 5.3Mb
sub-directories of 1Mb or more:
doc 2.1Mb
shiny_app 1.2Mb
Flavors: r-devel-linux-x86_64-fedora-clang, r-devel-windows-x86_64, r-release-macos-arm64, r-release-macos-x86_64, r-release-windows-x86_64, r-oldrel-macos-arm64, r-oldrel-macos-x86_64, r-oldrel-windows-x86_64