Last updated on 2025-05-19 01:50:04 CEST.
Flavor | Version | Tinstall | Tcheck | Ttotal | Status | Flags |
---|---|---|---|---|---|---|
r-devel-linux-x86_64-debian-clang | 1.2.1 | 196.96 | 88.29 | 285.25 | OK | |
r-devel-linux-x86_64-debian-gcc | 1.2.1 | 184.63 | 62.51 | 247.14 | OK | |
r-devel-linux-x86_64-fedora-clang | 1.2.1 | 439.00 | OK | |||
r-devel-linux-x86_64-fedora-gcc | 1.2.1 | 685.99 | OK | |||
r-devel-windows-x86_64 | 1.2.1 | 201.00 | 142.00 | 343.00 | OK | |
r-patched-linux-x86_64 | 1.2.1 | 245.38 | 83.86 | 329.24 | OK | |
r-release-linux-x86_64 | 1.2.1 | 231.99 | 84.55 | 316.54 | OK | |
r-release-macos-arm64 | 1.2.1 | 132.00 | OK | |||
r-release-macos-x86_64 | 1.2.1 | 215.00 | OK | |||
r-release-windows-x86_64 | 1.2.1 | 199.00 | 141.00 | 340.00 | OK | |
r-oldrel-macos-arm64 | 1.2.1 | 147.00 | NOTE | |||
r-oldrel-macos-x86_64 | 1.2.1 | 259.00 | NOTE | |||
r-oldrel-windows-x86_64 | 1.2.1 | 253.00 | 178.00 | 431.00 | NOTE |
Version: 1.2.1
Check: installed package size
Result: NOTE
installed size is 114.6Mb
sub-directories of 1Mb or more:
libs 113.8Mb
Flavors: r-oldrel-macos-arm64, r-oldrel-macos-x86_64, r-oldrel-windows-x86_64