CRAN Package Check Results for Package QAIG

Last updated on 2025-02-22 00:49:56 CET.

Flavor Version Tinstall Tcheck Ttotal Status Flags
r-devel-linux-x86_64-debian-clang 0.1.7 2.81 28.77 31.58 OK
r-devel-linux-x86_64-debian-gcc 0.1.7 1.96 22.86 24.82 OK
r-devel-linux-x86_64-fedora-clang 0.1.7 52.32 OK
r-devel-linux-x86_64-fedora-gcc 0.1.7 65.07 OK
r-devel-macos-arm64 0.1.7 24.00 OK
r-devel-macos-x86_64 0.1.7 44.00 OK
r-devel-windows-x86_64 0.1.7 4.00 49.00 53.00 OK
r-patched-linux-x86_64 0.1.7 2.82 27.33 30.15 NOTE
r-release-linux-x86_64 0.1.7 2.52 27.35 29.87 NOTE
r-release-macos-arm64 0.1.7 22.00 NOTE
r-release-macos-x86_64 0.1.7 36.00 NOTE
r-release-windows-x86_64 0.1.7 5.00 48.00 53.00 NOTE
r-oldrel-macos-arm64 0.1.7 24.00 NOTE
r-oldrel-macos-x86_64 0.1.7 37.00 NOTE
r-oldrel-windows-x86_64 0.1.7 5.00 69.00 74.00 NOTE

Check Details

Version: 0.1.7
Check: LazyData
Result: NOTE 'LazyData' is specified without a 'data' directory Flavors: r-patched-linux-x86_64, r-release-linux-x86_64, r-release-macos-arm64, r-release-macos-x86_64, r-release-windows-x86_64, r-oldrel-macos-arm64, r-oldrel-macos-x86_64, r-oldrel-windows-x86_64