CRAN Package Check Results for Package ProtE

Last updated on 2025-04-29 01:49:43 CEST.

Flavor Version Tinstall Tcheck Ttotal Status Flags
r-devel-linux-x86_64-debian-clang 1.0.3 51.13 388.38 439.51 OK
r-devel-linux-x86_64-debian-gcc 1.0.3 35.10 281.04 316.14 NOTE
r-devel-linux-x86_64-fedora-clang 1.0.3 733.37 OK
r-devel-linux-x86_64-fedora-gcc 1.0.3 678.97 OK
r-devel-windows-x86_64 1.0.3 51.00 324.00 375.00 OK
r-patched-linux-x86_64 1.0.3 49.71 374.68 424.39 OK
r-release-linux-x86_64 1.0.3 48.34 376.76 425.10 OK
r-release-macos-arm64 1.0.3 171.00 OK
r-release-macos-x86_64 1.0.3 201.00 OK
r-release-windows-x86_64 1.0.3 52.00 339.00 391.00 OK
r-oldrel-macos-arm64 1.0.3 120.00 OK
r-oldrel-macos-x86_64 1.0.3 209.00 OK
r-oldrel-windows-x86_64 1.0.3 69.00 420.00 489.00 OK

Check Details

Version: 1.0.3
Check: examples
Result: NOTE Examples with CPU (user + system) or elapsed time > 5s user system elapsed dianno 4.367 0.316 6.420 pd_multi 3.630 0.209 5.541 pd_single 3.666 0.117 5.204 Flavor: r-devel-linux-x86_64-debian-gcc