CRAN Package Check Results for Package ProbBayes

Last updated on 2025-07-20 12:49:33 CEST.

Flavor Version Tinstall Tcheck Ttotal Status Flags
r-devel-linux-x86_64-debian-clang 1.1 7.04 67.47 74.51 NOTE
r-devel-linux-x86_64-debian-gcc 1.1 4.91 49.50 54.41 NOTE
r-devel-linux-x86_64-fedora-clang 1.1 113.93 OK
r-devel-linux-x86_64-fedora-gcc 1.1 107.58 OK
r-devel-windows-x86_64 1.1 11.00 94.00 105.00 OK
r-patched-linux-x86_64 1.1 8.89 62.55 71.44 OK
r-release-linux-x86_64 1.1 7.14 61.56 68.70 OK
r-release-macos-arm64 1.1 34.00 OK
r-release-macos-x86_64 1.1 62.00 OK
r-release-windows-x86_64 1.1 12.00 94.00 106.00 OK
r-oldrel-macos-arm64 1.1 34.00 OK
r-oldrel-macos-x86_64 1.1 51.00 OK
r-oldrel-windows-x86_64 1.1 15.00 110.00 125.00 OK

Check Details

Version: 1.1
Check: CRAN incoming feasibility
Result: NOTE Maintainer: ‘Jim Albert <albert@bgsu.edu>’ No Authors@R field in DESCRIPTION. Please add one, modifying Authors@R: person(given = "Jim", family = "Albert", role = c("aut", "cre"), email = "albert@bgsu.edu") as necessary. Flavors: r-devel-linux-x86_64-debian-clang, r-devel-linux-x86_64-debian-gcc