CRAN Package Check Results for Package PredictionR

Last updated on 2025-07-20 01:49:37 CEST.

Flavor Version Tinstall Tcheck Ttotal Status Flags
r-devel-linux-x86_64-debian-clang 1.0-12 6.19 55.35 61.54 OK
r-devel-linux-x86_64-debian-gcc 1.0-12 4.92 43.09 48.01 OK
r-devel-linux-x86_64-fedora-clang 1.0-12 96.47 OK
r-devel-linux-x86_64-fedora-gcc 1.0-12 94.41 OK
r-devel-windows-x86_64 1.0-12 7.00 66.00 73.00 OK
r-patched-linux-x86_64 1.0-12 6.45 53.57 60.02 OK
r-release-linux-x86_64 1.0-12 6.63 54.04 60.67 OK
r-release-macos-arm64 1.0-12 34.00 OK
r-release-macos-x86_64 1.0-12 61.00 OK
r-release-windows-x86_64 1.0-12 10.00 66.00 76.00 OK
r-oldrel-macos-arm64 1.0-12 29.00 NOTE
r-oldrel-macos-x86_64 1.0-12 44.00 NOTE
r-oldrel-windows-x86_64 1.0-12 11.00 78.00 89.00 NOTE

Check Details

Version: 1.0-12
Check: LazyData
Result: NOTE 'LazyData' is specified without a 'data' directory Flavors: r-oldrel-macos-arm64, r-oldrel-macos-x86_64, r-oldrel-windows-x86_64