Last updated on 2025-04-29 01:49:43 CEST.
Flavor | Version | Tinstall | Tcheck | Ttotal | Status | Flags |
---|---|---|---|---|---|---|
r-devel-linux-x86_64-debian-clang | 0.1.0 | 3.49 | 29.79 | 33.28 | OK | |
r-devel-linux-x86_64-debian-gcc | 0.1.0 | 2.87 | 23.07 | 25.94 | NOTE | |
r-devel-linux-x86_64-fedora-clang | 0.1.0 | 51.22 | OK | |||
r-devel-linux-x86_64-fedora-gcc | 0.1.0 | 48.86 | OK | |||
r-devel-windows-x86_64 | 0.1.0 | 5.00 | 47.00 | 52.00 | OK | |
r-patched-linux-x86_64 | 0.1.0 | 3.63 | 28.81 | 32.44 | OK | |
r-release-linux-x86_64 | 0.1.0 | 3.13 | 28.76 | 31.89 | OK | |
r-release-macos-arm64 | 0.1.0 | 21.00 | OK | |||
r-release-macos-x86_64 | 0.1.0 | 32.00 | OK | |||
r-release-windows-x86_64 | 0.1.0 | 5.00 | 49.00 | 54.00 | OK | |
r-oldrel-macos-arm64 | 0.1.0 | 21.00 | OK | |||
r-oldrel-macos-x86_64 | 0.1.0 | 28.00 | OK | |||
r-oldrel-windows-x86_64 | 0.1.0 | 6.00 | 55.00 | 61.00 | OK |
Version: 0.1.0
Check: CRAN incoming feasibility
Result: NOTE
Maintainer: ‘Chin Soon Lim <chinsoon12@hotmail.com>’
No Authors@R field in DESCRIPTION.
Please add one, modifying
Authors@R: person(given = c("Chin", "Soon"),
family = "Lim",
role = c("aut", "cre"),
email = "chinsoon12@hotmail.com")
as necessary.
The BugReports field in DESCRIPTION has
https://github.com/chinsoon12/PreKnitPostHTMLRender
which should likely be
https://github.com/chinsoon12/PreKnitPostHTMLRender/issues
instead.
Flavor: r-devel-linux-x86_64-debian-gcc