CRAN Package Check Results for Package PortRisk

Last updated on 2025-04-29 01:49:43 CEST.

Flavor Version Tinstall Tcheck Ttotal Status Flags
r-devel-linux-x86_64-debian-clang 1.1.0 7.80 77.87 85.67 NOTE
r-devel-linux-x86_64-debian-gcc 1.1.0 6.79 58.16 64.95 NOTE
r-devel-linux-x86_64-fedora-clang 1.1.0 133.86 OK
r-devel-linux-x86_64-fedora-gcc 1.1.0 128.42 OK
r-devel-windows-x86_64 1.1.0 9.00 86.00 95.00 NOTE
r-patched-linux-x86_64 1.1.0 9.37 76.87 86.24 NOTE
r-release-linux-x86_64 1.1.0 8.45 76.06 84.51 NOTE
r-release-macos-arm64 1.1.0 46.00 OK
r-release-macos-x86_64 1.1.0 92.00 OK
r-release-windows-x86_64 1.1.0 10.00 86.00 96.00 NOTE
r-oldrel-macos-arm64 1.1.0 40.00 OK
r-oldrel-macos-x86_64 1.1.0 62.00 OK
r-oldrel-windows-x86_64 1.1.0 14.00 102.00 116.00 OK

Check Details

Version: 1.1.0
Check: Rd cross-references
Result: NOTE Found the following Rd file(s) with Rd \link{} targets missing package anchors: SnP500Returns.Rd: zoo access.Rd: zoo portvol.Bayes.Rd: zoo portvol.Rd: zoo risk.attrib.Copula.Rd: zoo risk.attribution.Rd: zoo volatility.Rd: zoo Please provide package anchors for all Rd \link{} targets not in the package itself and the base packages. Flavors: r-devel-linux-x86_64-debian-clang, r-devel-linux-x86_64-debian-gcc, r-devel-windows-x86_64, r-patched-linux-x86_64, r-release-linux-x86_64, r-release-windows-x86_64

Version: 1.1.0
Check: CRAN incoming feasibility
Result: NOTE Maintainer: ‘Sourish Das <sourish.das@gmail.com>’ File 'R/PortRisk-internal.R' sets .Random.seed. This is usually neither needed nor wanted. Flavor: r-devel-linux-x86_64-debian-gcc