CRAN Package Check Results for Package PlotContour

Last updated on 2025-04-29 01:49:43 CEST.

Flavor Version Tinstall Tcheck Ttotal Status Flags
r-devel-linux-x86_64-debian-clang 0.1.0 1.59 18.41 20.00 OK
r-devel-linux-x86_64-debian-gcc 0.1.0 1.37 15.50 16.87 NOTE
r-devel-linux-x86_64-fedora-clang 0.1.0 30.97 OK
r-devel-linux-x86_64-fedora-gcc 0.1.0 30.15 OK
r-devel-windows-x86_64 0.1.0 2.00 39.00 41.00 OK
r-patched-linux-x86_64 0.1.0 1.54 18.24 19.78 OK
r-release-linux-x86_64 0.1.0 1.51 17.88 19.39 OK
r-release-macos-arm64 0.1.0 15.00 OK
r-release-macos-x86_64 0.1.0 23.00 OK
r-release-windows-x86_64 0.1.0 3.00 41.00 44.00 OK
r-oldrel-macos-arm64 0.1.0 22.00 NOTE
r-oldrel-macos-x86_64 0.1.0 23.00 NOTE
r-oldrel-windows-x86_64 0.1.0 2.00 41.00 43.00 NOTE

Check Details

Version: 0.1.0
Check: CRAN incoming feasibility
Result: NOTE Maintainer: ‘Olivia Cheronet <cheronetolivia@gmail.com>’ No Authors@R field in DESCRIPTION. Please add one, modifying Authors@R: person(given = "Olivia", family = "Cheronet", role = c("aut", "cre"), email = "cheronetolivia@gmail.com") as necessary. Flavor: r-devel-linux-x86_64-debian-gcc

Version: 0.1.0
Check: LazyData
Result: NOTE 'LazyData' is specified without a 'data' directory Flavors: r-oldrel-macos-arm64, r-oldrel-macos-x86_64, r-oldrel-windows-x86_64