Last updated on 2025-07-20 12:49:33 CEST.
Flavor | Version | Tinstall | Tcheck | Ttotal | Status | Flags |
---|---|---|---|---|---|---|
r-devel-linux-x86_64-debian-clang | 1.8.0 | 42.64 | 405.13 | 447.77 | OK | |
r-devel-linux-x86_64-debian-gcc | 1.8.0 | 29.68 | 266.55 | 296.23 | OK | |
r-devel-linux-x86_64-fedora-clang | 1.8.0 | 691.55 | OK | |||
r-devel-linux-x86_64-fedora-gcc | 1.8.0 | 686.67 | OK | |||
r-devel-windows-x86_64 | 1.8.0 | 49.00 | 372.00 | 421.00 | OK | |
r-patched-linux-x86_64 | 1.8.0 | 45.40 | 380.41 | 425.81 | OK | |
r-release-linux-x86_64 | 1.8.0 | 39.75 | 377.75 | 417.50 | OK | |
r-release-macos-arm64 | 1.8.0 | 211.00 | OK | |||
r-release-macos-x86_64 | 1.8.0 | 405.00 | OK | |||
r-release-windows-x86_64 | 1.8.0 | 48.00 | 370.00 | 418.00 | OK | |
r-oldrel-macos-arm64 | 1.8.0 | 169.00 | NOTE | |||
r-oldrel-macos-x86_64 | 1.8.0 | 478.00 | NOTE | |||
r-oldrel-windows-x86_64 | 1.8.0 | 62.00 | 550.00 | 612.00 | OK |
Version: 1.8.0
Check: installed package size
Result: NOTE
installed size is 5.1Mb
sub-directories of 1Mb or more:
libs 3.5Mb
Flavors: r-oldrel-macos-arm64, r-oldrel-macos-x86_64